Last updated on 2024-03-28 23:55:21 CET.
Flavor | Version | Tinstall | Tcheck | Ttotal | Status | Flags |
---|---|---|---|---|---|---|
r-devel-linux-x86_64-debian-clang | 0.6 | 16.23 | 157.19 | 173.42 | NOTE | |
r-devel-linux-x86_64-debian-gcc | 0.6 | 12.43 | 116.92 | 129.35 | NOTE | |
r-devel-linux-x86_64-fedora-clang | 0.6 | 228.61 | NOTE | |||
r-devel-linux-x86_64-fedora-gcc | 0.6 | 237.43 | NOTE | |||
r-devel-windows-x86_64 | 0.6 | 14.00 | 131.00 | 145.00 | NOTE | |
r-patched-linux-x86_64 | 0.6 | 17.84 | 152.32 | 170.16 | NOTE | |
r-release-linux-x86_64 | 0.6 | 12.31 | 152.69 | 165.00 | OK | |
r-release-macos-arm64 | 0.6 | 72.00 | OK | |||
r-release-macos-x86_64 | 0.6 | 120.00 | OK | |||
r-release-windows-x86_64 | 0.6 | 19.00 | 242.00 | 261.00 | OK | |
r-oldrel-macos-arm64 | 0.6 | 68.00 | OK | |||
r-oldrel-windows-x86_64 | 0.6 | 21.00 | 160.00 | 181.00 | OK |
Version: 0.6
Check: HTML version of manual
Result: NOTE
Found the following HTML validation problems:
RSTRmodel.html:218:1 (RSTRmodel.Rd:115): Warning: trimming empty <p>
Flavors: r-devel-linux-x86_64-debian-clang, r-devel-linux-x86_64-debian-gcc, r-devel-linux-x86_64-fedora-clang, r-devel-linux-x86_64-fedora-gcc, r-devel-windows-x86_64, r-patched-linux-x86_64