Last updated on 2024-03-28 15:50:02 CET.
Flavor | Version | Tinstall | Tcheck | Ttotal | Status | Flags |
---|---|---|---|---|---|---|
r-devel-linux-x86_64-debian-clang | 23.9.1 | 11.04 | 102.88 | 113.92 | OK | |
r-devel-linux-x86_64-debian-gcc | 23.9.1 | 7.46 | 77.86 | 85.32 | OK | |
r-devel-linux-x86_64-fedora-clang | 23.9.1 | 141.47 | NOTE | |||
r-devel-linux-x86_64-fedora-gcc | 23.9.1 | 149.32 | NOTE | |||
r-devel-windows-x86_64 | 23.9.1 | 9.00 | 97.00 | 106.00 | OK | |
r-patched-linux-x86_64 | 23.9.1 | 10.50 | 97.10 | 107.60 | OK | |
r-release-linux-x86_64 | 23.9.1 | 9.89 | 97.93 | 107.82 | OK | |
r-release-macos-arm64 | 23.9.1 | 63.00 | OK | |||
r-release-macos-x86_64 | 23.9.1 | 95.00 | OK | |||
r-release-windows-x86_64 | 23.9.1 | 12.00 | 172.00 | 184.00 | OK | |
r-oldrel-macos-arm64 | 23.9.1 | 53.00 | OK | |||
r-oldrel-windows-x86_64 | 23.9.1 | 13.00 | 115.00 | 128.00 | OK |
Version: 23.9.1
Check: data for non-ASCII characters
Result: NOTE
Note: found 705 marked UTF-8 strings
Flavors: r-devel-linux-x86_64-fedora-clang, r-devel-linux-x86_64-fedora-gcc