Last updated on 2024-04-17 16:53:23 CEST.
Flavor | Version | Tinstall | Tcheck | Ttotal | Status | Flags |
---|---|---|---|---|---|---|
r-devel-linux-x86_64-debian-clang | 1.1.6 | 5.20 | 32.74 | 37.94 | NOTE | |
r-devel-linux-x86_64-debian-gcc | 1.1.6 | 4.10 | 25.11 | 29.21 | NOTE | |
r-devel-linux-x86_64-fedora-clang | 1.1.6 | 48.97 | NOTE | |||
r-devel-linux-x86_64-fedora-gcc | 1.1.6 | 45.94 | NOTE | |||
r-prerel-macos-arm64 | 1.1.6 | 18.00 | NOTE | |||
r-prerel-windows-x86_64 | 1.1.6 | 6.00 | 49.00 | 55.00 | NOTE | |
r-patched-linux-x86_64 | 1.1.6 | 5.58 | 31.97 | 37.55 | NOTE | |
r-release-linux-x86_64 | 1.1.6 | 5.20 | 32.53 | 37.73 | NOTE | |
r-release-macos-arm64 | 1.1.6 | 20.00 | NOTE | |||
r-release-macos-x86_64 | 1.1.6 | 26.00 | NOTE | |||
r-release-windows-x86_64 | 1.1.6 | 9.00 | 53.00 | 62.00 | NOTE | |
r-oldrel-macos-arm64 | 1.1.6 | 22.00 | OK | |||
r-oldrel-windows-x86_64 | 1.1.6 | 13.00 | 60.00 | 73.00 | OK |
Version: 1.1.6
Check: package subdirectories
Result: NOTE
Problems with news in ‘NEWS.md’:
No news entries found.
Flavors: r-devel-linux-x86_64-debian-clang, r-devel-linux-x86_64-debian-gcc, r-devel-linux-x86_64-fedora-clang, r-devel-linux-x86_64-fedora-gcc, r-prerel-macos-arm64, r-prerel-windows-x86_64, r-patched-linux-x86_64, r-release-linux-x86_64, r-release-macos-arm64, r-release-macos-x86_64, r-release-windows-x86_64