CRAN Package Check Results for Package stabledist

Last updated on 2021-10-27 20:49:48 CEST.

Flavor Version Tinstall Tcheck Ttotal Status Flags
r-devel-linux-x86_64-debian-clang 0.7-1 3.10 92.22 95.32 NOTE
r-devel-linux-x86_64-debian-gcc 0.7-1 2.25 64.08 66.33 NOTE
r-devel-linux-x86_64-fedora-clang 0.7-1 122.86 NOTE
r-devel-linux-x86_64-fedora-gcc 0.7-1 120.41 NOTE
r-devel-windows-x86_64 0.7-1 4.00 91.00 95.00 NOTE
r-devel-windows-x86_64-gcc10-UCRT 0.7-1 NOTE
r-patched-linux-x86_64 0.7-1 2.39 87.90 90.29 NOTE
r-patched-solaris-x86 0.7-1 134.60 NOTE
r-release-linux-x86_64 0.7-1 2.53 89.05 91.58 NOTE
r-release-macos-arm64 0.7-1 NOTE
r-release-macos-x86_64 0.7-1 NOTE
r-release-windows-ix86+x86_64 0.7-1 5.00 117.00 122.00 NOTE
r-oldrel-macos-x86_64 0.7-1 OK
r-oldrel-windows-ix86+x86_64 0.7-1 5.00 116.00 121.00 OK

Check Details

Version: 0.7-1
Check: LazyData
Result: NOTE
     'LazyData' is specified without a 'data' directory
Flavors: r-devel-linux-x86_64-debian-clang, r-devel-linux-x86_64-debian-gcc, r-devel-linux-x86_64-fedora-clang, r-devel-linux-x86_64-fedora-gcc, r-devel-windows-x86_64, r-devel-windows-x86_64-gcc10-UCRT, r-patched-linux-x86_64, r-patched-solaris-x86, r-release-linux-x86_64, r-release-macos-arm64, r-release-macos-x86_64, r-release-windows-ix86+x86_64