Last updated on 2023-12-04 00:52:58 CET.
Flavor | Version | Tinstall | Tcheck | Ttotal | Status | Flags |
---|---|---|---|---|---|---|
r-devel-linux-x86_64-debian-clang | 0.7-1 | 2.78 | 86.82 | 89.60 | NOTE | |
r-devel-linux-x86_64-debian-gcc | 0.7-1 | 1.90 | 61.78 | 63.68 | NOTE | |
r-devel-linux-x86_64-fedora-clang | 0.7-1 | 110.76 | NOTE | |||
r-devel-linux-x86_64-fedora-gcc | 0.7-1 | 106.52 | NOTE | |||
r-devel-windows-x86_64 | 0.7-1 | 3.00 | 84.00 | 87.00 | NOTE | |
r-patched-linux-x86_64 | 0.7-1 | 2.81 | 84.54 | 87.35 | NOTE | |
r-release-linux-x86_64 | 0.7-1 | 2.95 | 83.64 | 86.59 | NOTE | |
r-release-macos-arm64 | 0.7-1 | 30.00 | NOTE | |||
r-release-macos-x86_64 | 0.7-1 | 52.00 | NOTE | |||
r-release-windows-x86_64 | 0.7-1 | 4.00 | 96.00 | 100.00 | NOTE | |
r-oldrel-macos-arm64 | 0.7-1 | 30.00 | NOTE | |||
r-oldrel-macos-x86_64 | 0.7-1 | 48.00 | NOTE | |||
r-oldrel-windows-x86_64 | 0.7-1 | 5.00 | 103.00 | 108.00 | NOTE |
Version: 0.7-1
Check: LazyData
Result: NOTE
'LazyData' is specified without a 'data' directory
Flavors: r-devel-linux-x86_64-debian-clang, r-devel-linux-x86_64-debian-gcc, r-devel-linux-x86_64-fedora-clang, r-devel-linux-x86_64-fedora-gcc, r-devel-windows-x86_64, r-patched-linux-x86_64, r-release-linux-x86_64, r-release-macos-arm64, r-release-macos-x86_64, r-release-windows-x86_64, r-oldrel-macos-arm64, r-oldrel-macos-x86_64, r-oldrel-windows-x86_64