Last updated on 2023-11-29 09:08:55 CET.
Flavor | Version | Tinstall | Tcheck | Ttotal | Status | Flags |
---|---|---|---|---|---|---|
r-devel-linux-x86_64-debian-clang | 0.6-4 | 2.67 | 79.24 | 81.91 | NOTE | |
r-devel-linux-x86_64-debian-gcc | 0.6-4 | 2.53 | 62.36 | 64.89 | NOTE | |
r-devel-linux-x86_64-fedora-clang | 0.6-4 | 101.62 | NOTE | |||
r-devel-linux-x86_64-fedora-gcc | 0.6-4 | 106.08 | NOTE | |||
r-devel-windows-x86_64 | 0.6-4 | 4.00 | 61.00 | 65.00 | NOTE | |
r-patched-linux-x86_64 | 0.6-4 | 2.90 | 77.60 | 80.50 | NOTE | |
r-release-linux-x86_64 | 0.6-4 | 3.41 | 77.00 | 80.41 | NOTE | |
r-release-macos-arm64 | 0.6-4 | 36.00 | NOTE | |||
r-release-macos-x86_64 | 0.6-4 | 50.00 | NOTE | |||
r-release-windows-x86_64 | 0.6-4 | 4.00 | 64.00 | 68.00 | NOTE | |
r-oldrel-macos-arm64 | 0.6-4 | 29.00 | NOTE | |||
r-oldrel-macos-x86_64 | 0.6-4 | 53.00 | NOTE | |||
r-oldrel-windows-x86_64 | 0.6-4 | 5.00 | 70.00 | 75.00 | NOTE |
Version: 0.6-4
Check: Rd files
Result: NOTE
checkRd: (-1) stabsel_parameters.Rd:42: Lost braces
42 | always use code{"none"}.}
| ^
checkRd: (-1) stabsel_stabsel.Rd:25: Lost braces
25 | always use code{"none"}.}
| ^
Flavors: r-devel-linux-x86_64-debian-clang, r-devel-linux-x86_64-debian-gcc
Version: 0.6-4
Check: LazyData
Result: NOTE
'LazyData' is specified without a 'data' directory
Flavors: r-devel-linux-x86_64-debian-clang, r-devel-linux-x86_64-debian-gcc, r-devel-linux-x86_64-fedora-clang, r-devel-linux-x86_64-fedora-gcc, r-devel-windows-x86_64, r-patched-linux-x86_64, r-release-linux-x86_64, r-release-macos-arm64, r-release-macos-x86_64, r-release-windows-x86_64, r-oldrel-macos-arm64, r-oldrel-macos-x86_64, r-oldrel-windows-x86_64
Version: 0.6-4
Check: package dependencies
Result: NOTE
Package suggested but not available for checking: ‘gamboostLSS’
Flavor: r-oldrel-macos-x86_64