CRAN Package Check Results for Package stabs

Last updated on 2021-10-26 04:27:30 CEST.

Flavor Version Tinstall Tcheck Ttotal Status Flags
r-devel-linux-x86_64-debian-clang 0.6-4 3.46 78.55 82.01 NOTE
r-devel-linux-x86_64-debian-gcc 0.6-4 2.54 60.57 63.11 NOTE
r-devel-linux-x86_64-fedora-clang 0.6-4 107.92 NOTE
r-devel-linux-x86_64-fedora-gcc 0.6-4 93.87 NOTE
r-devel-windows-x86_64 0.6-4 6.00 50.00 56.00 NOTE
r-devel-windows-x86_64-gcc10-UCRT 0.6-4 NOTE
r-patched-linux-x86_64 0.6-4 3.67 69.47 73.14 NOTE
r-patched-solaris-x86 0.6-4 119.00 NOTE
r-release-linux-x86_64 0.6-4 3.30 68.88 72.18 NOTE
r-release-macos-arm64 0.6-4 NOTE
r-release-macos-x86_64 0.6-4 NOTE
r-release-windows-ix86+x86_64 0.6-4 5.00 69.00 74.00 NOTE
r-oldrel-macos-x86_64 0.6-4 OK
r-oldrel-windows-ix86+x86_64 0.6-4 7.00 64.00 71.00 OK

Check Details

Version: 0.6-4
Check: LazyData
Result: NOTE
     'LazyData' is specified without a 'data' directory
Flavors: r-devel-linux-x86_64-debian-clang, r-devel-linux-x86_64-debian-gcc, r-devel-linux-x86_64-fedora-clang, r-devel-linux-x86_64-fedora-gcc, r-devel-windows-x86_64, r-devel-windows-x86_64-gcc10-UCRT, r-patched-linux-x86_64, r-patched-solaris-x86, r-release-linux-x86_64, r-release-macos-arm64, r-release-macos-x86_64, r-release-windows-ix86+x86_64