Last updated on 2024-04-18 16:50:11 CEST.
Flavor | Version | Tinstall | Tcheck | Ttotal | Status | Flags |
---|---|---|---|---|---|---|
r-devel-linux-x86_64-debian-clang | 1.1 | 94.83 | 52.21 | 147.04 | OK | |
r-devel-linux-x86_64-debian-gcc | 1.1 | 76.12 | 43.80 | 119.92 | OK | |
r-devel-linux-x86_64-fedora-clang | 1.1 | 177.54 | NOTE | |||
r-devel-linux-x86_64-fedora-gcc | 1.1 | 204.51 | NOTE | |||
r-prerel-macos-arm64 | 1.1 | 50.00 | NOTE | |||
r-prerel-windows-x86_64 | 1.1 | 66.00 | 79.00 | 145.00 | OK | |
r-patched-linux-x86_64 | 1.1 | 93.24 | 57.83 | 151.07 | OK | |
r-release-linux-x86_64 | 1.1 | 90.79 | 56.10 | 146.89 | OK | |
r-release-macos-arm64 | 1.1 | 54.00 | NOTE | |||
r-release-macos-x86_64 | 1.1 | 87.00 | NOTE | |||
r-release-windows-x86_64 | 1.1 | 82.00 | 91.00 | 173.00 | OK | |
r-oldrel-macos-arm64 | 1.1 | 53.00 | NOTE | |||
r-oldrel-windows-x86_64 | 1.1 | 84.00 | 89.00 | 173.00 | OK |
Version: 1.1
Check: dependencies in R code
Result: NOTE
Namespaces in Imports field not imported from:
‘reshape2’ ‘stats’
All declared Imports should be used.
Flavors: r-devel-linux-x86_64-fedora-clang, r-devel-linux-x86_64-fedora-gcc, r-oldrel-macos-arm64
Version: 1.1
Check: installed package size
Result: NOTE
installed size is 35.6Mb
sub-directories of 1Mb or more:
libs 35.1Mb
Flavors: r-prerel-macos-arm64, r-release-macos-arm64, r-release-macos-x86_64, r-oldrel-macos-arm64