Last updated on 2024-04-23 16:58:31 CEST.
Flavor | Version | Tinstall | Tcheck | Ttotal | Status | Flags |
---|---|---|---|---|---|---|
r-devel-linux-x86_64-debian-clang | 0.0-7 | 189.07 | 109.75 | 298.82 | OK | |
r-devel-linux-x86_64-debian-gcc | 0.0-7 | 164.58 | 78.95 | 243.53 | OK | |
r-devel-linux-x86_64-fedora-clang | 0.0-7 | 368.00 | OK | |||
r-devel-linux-x86_64-fedora-gcc | 0.0-7 | 407.04 | OK | |||
r-prerel-macos-arm64 | 0.0-7 | 104.00 | NOTE | |||
r-prerel-windows-x86_64 | 0.0-7 | 155.00 | 119.00 | 274.00 | OK | |
r-patched-linux-x86_64 | 0.0-7 | 207.13 | 104.15 | 311.28 | OK | |
r-release-linux-x86_64 | 0.0-7 | 199.52 | 103.16 | 302.68 | OK | |
r-release-macos-arm64 | 0.0-7 | 123.00 | NOTE | |||
r-release-macos-x86_64 | 0.0-7 | 247.00 | NOTE | |||
r-release-windows-x86_64 | 0.0-7 | 215.00 | 149.00 | 364.00 | OK | |
r-oldrel-macos-arm64 | 0.0-7 | 121.00 | NOTE | |||
r-oldrel-windows-x86_64 | 0.0-7 | 189.00 | 146.00 | 335.00 | OK |
Version: 0.0-7
Check: installed package size
Result: NOTE
installed size is 50.3Mb
sub-directories of 1Mb or more:
libs 50.0Mb
Flavors: r-prerel-macos-arm64, r-release-macos-arm64, r-release-macos-x86_64, r-oldrel-macos-arm64