Last updated on 2024-04-19 08:54:56 CEST.
Flavor | Version | Tinstall | Tcheck | Ttotal | Status | Flags |
---|---|---|---|---|---|---|
r-devel-linux-x86_64-debian-clang | 0.0.6 | 4.91 | 108.69 | 113.60 | NOTE | |
r-devel-linux-x86_64-debian-gcc | 0.0.6 | NOTE | ||||
r-devel-linux-x86_64-fedora-clang | 0.0.6 | 135.85 | NOTE | |||
r-devel-linux-x86_64-fedora-gcc | 0.0.6 | 150.70 | NOTE | |||
r-prerel-macos-arm64 | 0.0.6 | 48.00 | NOTE | |||
r-prerel-windows-x86_64 | 0.0.6 | 7.00 | 91.00 | 98.00 | NOTE | |
r-patched-linux-x86_64 | 0.0.6 | 7.11 | 102.75 | 109.86 | NOTE | |
r-release-linux-x86_64 | 0.0.6 | 7.00 | 100.87 | 107.87 | NOTE | |
r-release-macos-arm64 | 0.0.6 | 57.00 | NOTE | |||
r-release-macos-x86_64 | 0.0.6 | 80.00 | NOTE | |||
r-release-windows-x86_64 | 0.0.6 | 9.00 | 112.00 | 121.00 | NOTE | |
r-oldrel-macos-arm64 | 0.0.6 | 50.00 | NOTE | |||
r-oldrel-windows-x86_64 | 0.0.6 | 8.00 | 111.00 | 119.00 | NOTE |
Version: 0.0.6
Check: LazyData
Result: NOTE
'LazyData' is specified without a 'data' directory
Flavors: r-devel-linux-x86_64-debian-clang, r-devel-linux-x86_64-debian-gcc, r-devel-linux-x86_64-fedora-clang, r-devel-linux-x86_64-fedora-gcc, r-prerel-macos-arm64, r-prerel-windows-x86_64, r-patched-linux-x86_64, r-release-linux-x86_64, r-release-macos-arm64, r-release-macos-x86_64, r-release-windows-x86_64, r-oldrel-macos-arm64, r-oldrel-windows-x86_64
Version: 0.0.6
Check: package dependencies
Result: NOTE
Package which this enhances but not available for checking: ‘CVXR’
Flavor: r-release-macos-x86_64