CRAN Package Check Results for Package startR

Last updated on 2021-10-26 20:51:10 CEST.

Flavor Version Tinstall Tcheck Ttotal Status Flags
r-devel-linux-x86_64-debian-clang 2.1.0 19.18 111.51 130.69 NOTE
r-devel-linux-x86_64-debian-gcc 2.1.0 14.24 82.47 96.71 NOTE
r-devel-linux-x86_64-fedora-clang 2.1.0 166.40 NOTE
r-devel-linux-x86_64-fedora-gcc 2.1.0 153.11 NOTE
r-devel-windows-x86_64 2.1.0 31.00 91.00 122.00 NOTE
r-devel-windows-x86_64-gcc10-UCRT 2.1.0 NOTE
r-patched-linux-x86_64 2.1.0 17.22 105.06 122.28 NOTE
r-patched-solaris-x86 2.1.0 206.50 NOTE
r-release-linux-x86_64 2.1.0 18.27 104.87 123.14 NOTE
r-release-macos-arm64 2.1.0 NOTE
r-release-macos-x86_64 2.1.0 NOTE
r-release-windows-ix86+x86_64 2.1.0 28.00 137.00 165.00 NOTE
r-oldrel-macos-x86_64 2.1.0 OK
r-oldrel-windows-ix86+x86_64 2.1.0 41.00 140.00 181.00 OK

Check Details

Version: 2.1.0
Check: LazyData
Result: NOTE
     'LazyData' is specified without a 'data' directory
Flavors: r-devel-linux-x86_64-debian-clang, r-devel-linux-x86_64-debian-gcc, r-devel-linux-x86_64-fedora-clang, r-devel-linux-x86_64-fedora-gcc, r-devel-windows-x86_64, r-devel-windows-x86_64-gcc10-UCRT, r-patched-linux-x86_64, r-patched-solaris-x86, r-release-linux-x86_64, r-release-macos-arm64, r-release-macos-x86_64, r-release-windows-ix86+x86_64