Last updated on 2023-11-29 09:08:55 CET.
Flavor | Version | Tinstall | Tcheck | Ttotal | Status | Flags |
---|---|---|---|---|---|---|
r-devel-linux-x86_64-debian-clang | 0.2.6 | 6.75 | 72.28 | 79.03 | NOTE | |
r-devel-linux-x86_64-debian-gcc | 0.2.6 | 5.65 | 53.25 | 58.90 | NOTE | |
r-devel-linux-x86_64-fedora-clang | 0.2.6 | 100.57 | OK | |||
r-devel-linux-x86_64-fedora-gcc | 0.2.6 | 105.57 | OK | |||
r-devel-windows-x86_64 | 0.2.6 | 8.00 | 75.00 | 83.00 | OK | |
r-patched-linux-x86_64 | 0.2.6 | 7.48 | 66.42 | 73.90 | OK | |
r-release-linux-x86_64 | 0.2.6 | 4.64 | 66.25 | 70.89 | OK | |
r-release-macos-arm64 | 0.2.6 | 46.00 | OK | |||
r-release-macos-x86_64 | 0.2.6 | 82.00 | OK | |||
r-release-windows-x86_64 | 0.2.6 | 9.00 | 84.00 | 93.00 | OK | |
r-oldrel-macos-arm64 | 0.2.6 | 44.00 | OK | |||
r-oldrel-macos-x86_64 | 0.2.6 | 53.00 | OK | |||
r-oldrel-windows-x86_64 | 0.2.6 | 10.00 | 91.00 | 101.00 | OK |
Version: 0.2.6
Check: Rd files
Result: NOTE
checkRd: (-1) statcan_data.Rd:22: Lost braces; missing escapes or markup?
22 | \code{statcan_data()} function has 2 arguments to fulfill to get data: {tableNumber} & {lang}.
| ^
checkRd: (-1) statcan_data.Rd:22: Lost braces; missing escapes or markup?
22 | \code{statcan_data()} function has 2 arguments to fulfill to get data: {tableNumber} & {lang}.
| ^
checkRd: (-1) statcan_search.Rd:18: Lost braces; missing escapes or markup?
18 | The \code{statcan_search()} function has 2 arguments to fulfill to find a database: {keywords} and {lang}.
| ^
checkRd: (-1) statcan_search.Rd:18: Lost braces; missing escapes or markup?
18 | The \code{statcan_search()} function has 2 arguments to fulfill to find a database: {keywords} and {lang}.
| ^
Flavors: r-devel-linux-x86_64-debian-clang, r-devel-linux-x86_64-debian-gcc