CRAN Package Check Results for Package statgenGWAS

Last updated on 2021-10-18 12:58:30 CEST.

Flavor Version Tinstall Tcheck Ttotal Status Flags
r-devel-linux-x86_64-debian-clang 1.0.7 101.17 224.46 325.63 OK
r-devel-linux-x86_64-debian-gcc 1.0.7 75.72 158.07 233.79 OK
r-devel-linux-x86_64-fedora-clang 1.0.7 411.24 NOTE
r-devel-linux-x86_64-fedora-gcc 1.0.7 381.14 OK
r-devel-windows-x86_64 1.0.7 138.00 200.00 338.00 OK
r-devel-windows-x86_64-gcc10-UCRT 1.0.7 OK
r-patched-linux-x86_64 1.0.7 99.77 193.25 293.02 OK
r-patched-solaris-x86 1.0.7 460.70 OK
r-release-linux-x86_64 1.0.7 94.41 199.02 293.43 OK
r-release-macos-arm64 1.0.7 NOTE
r-release-macos-x86_64 1.0.7 NOTE
r-release-windows-ix86+x86_64 1.0.7 250.00 258.00 508.00 NOTE
r-oldrel-macos-x86_64 1.0.7 NOTE
r-oldrel-windows-ix86+x86_64 1.0.7 251.00 260.00 511.00 NOTE

Check Details

Version: 1.0.7
Check: installed package size
Result: NOTE
     installed size is 8.2Mb
     sub-directories of 1Mb or more:
     data 2.7Mb
     libs 4.5Mb
Flavors: r-devel-linux-x86_64-fedora-clang, r-release-macos-arm64, r-release-macos-x86_64, r-release-windows-ix86+x86_64, r-oldrel-macos-x86_64, r-oldrel-windows-ix86+x86_64