Last updated on 2024-04-19 01:04:57 CEST.
Flavor | Version | Tinstall | Tcheck | Ttotal | Status | Flags |
---|---|---|---|---|---|---|
r-devel-linux-x86_64-debian-clang | 0.5.1 | 4.20 | 79.21 | 83.41 | NOTE | |
r-devel-linux-x86_64-debian-gcc | 0.5.1 | 3.42 | 58.99 | 62.41 | NOTE | |
r-devel-linux-x86_64-fedora-clang | 0.5.1 | 98.43 | NOTE | |||
r-devel-linux-x86_64-fedora-gcc | 0.5.1 | 98.09 | NOTE | |||
r-prerel-macos-arm64 | 0.5.1 | 37.00 | NOTE | |||
r-prerel-windows-x86_64 | 0.5.1 | 6.00 | 80.00 | 86.00 | NOTE | |
r-patched-linux-x86_64 | 0.5.1 | 4.23 | 75.14 | 79.37 | NOTE | |
r-release-linux-x86_64 | 0.5.1 | 2.61 | 73.58 | 76.19 | NOTE | |
r-release-macos-arm64 | 0.5.1 | 36.00 | NOTE | |||
r-release-macos-x86_64 | 0.5.1 | 55.00 | NOTE | |||
r-release-windows-x86_64 | 0.5.1 | 6.00 | 91.00 | 97.00 | NOTE | |
r-oldrel-macos-arm64 | 0.5.1 | 32.00 | NOTE | |||
r-oldrel-windows-x86_64 | 0.5.1 | 7.00 | 96.00 | 103.00 | NOTE |
Version: 0.5.1
Check: LazyData
Result: NOTE
'LazyData' is specified without a 'data' directory
Flavors: r-devel-linux-x86_64-debian-clang, r-devel-linux-x86_64-debian-gcc, r-devel-linux-x86_64-fedora-clang, r-devel-linux-x86_64-fedora-gcc, r-prerel-macos-arm64, r-prerel-windows-x86_64, r-patched-linux-x86_64, r-release-linux-x86_64, r-release-macos-arm64, r-release-macos-x86_64, r-release-windows-x86_64, r-oldrel-macos-arm64, r-oldrel-windows-x86_64