Last updated on 2024-04-24 00:56:00 CEST.
Flavor | Version | Tinstall | Tcheck | Ttotal | Status | Flags |
---|---|---|---|---|---|---|
r-devel-linux-x86_64-debian-clang | 4.9.0 | 5.07 | 44.31 | 49.38 | NOTE | |
r-devel-linux-x86_64-debian-gcc | 4.9.0 | 4.28 | 33.68 | 37.96 | NOTE | |
r-devel-linux-x86_64-fedora-clang | 4.9.0 | 63.19 | NOTE | |||
r-devel-linux-x86_64-fedora-gcc | 4.9.0 | 60.16 | NOTE | |||
r-prerel-macos-arm64 | 4.9.0 | 25.00 | NOTE | |||
r-prerel-windows-x86_64 | 4.9.0 | 8.00 | 68.00 | 76.00 | NOTE | |
r-patched-linux-x86_64 | 4.9.0 | 6.21 | 43.27 | 49.48 | NOTE | |
r-release-linux-x86_64 | 4.9.0 | 5.97 | 43.11 | 49.08 | NOTE | |
r-release-macos-arm64 | 4.9.0 | 26.00 | NOTE | |||
r-release-macos-x86_64 | 4.9.0 | 59.00 | NOTE | |||
r-release-windows-x86_64 | 4.9.0 | 9.00 | 73.00 | 82.00 | NOTE | |
r-oldrel-macos-arm64 | 4.9.0 | 30.00 | NOTE | |||
r-oldrel-windows-x86_64 | 4.9.0 | 10.00 | 68.00 | 78.00 | NOTE |
Version: 4.9.0
Check: R code for possible problems
Result: NOTE
Found the following possibly unsafe calls:
File ‘statnet.common/R/control.utilities.R’:
unlockBinding("snctrl", environment(snctrl))
unlockBinding("snctrl", environment(update_my_snctrl))
Flavors: r-devel-linux-x86_64-debian-clang, r-devel-linux-x86_64-debian-gcc, r-devel-linux-x86_64-fedora-clang, r-devel-linux-x86_64-fedora-gcc, r-prerel-macos-arm64, r-prerel-windows-x86_64, r-patched-linux-x86_64, r-release-linux-x86_64, r-release-macos-arm64, r-release-macos-x86_64, r-release-windows-x86_64, r-oldrel-macos-arm64, r-oldrel-windows-x86_64