Last updated on 2024-04-23 16:58:31 CEST.
Flavor | Version | Tinstall | Tcheck | Ttotal | Status | Flags |
---|---|---|---|---|---|---|
r-devel-linux-x86_64-debian-clang | 2019.6 | 13.66 | 546.71 | 560.37 | NOTE | |
r-devel-linux-x86_64-debian-gcc | 2019.6 | 10.55 | 376.52 | 387.07 | NOTE | |
r-devel-linux-x86_64-fedora-clang | 2019.6 | 671.86 | NOTE | |||
r-devel-linux-x86_64-fedora-gcc | 2019.6 | 693.52 | NOTE | |||
r-prerel-macos-arm64 | 2019.6 | 85.00 | NOTE | |||
r-prerel-windows-x86_64 | 2019.6 | 57.00 | 222.00 | 279.00 | NOTE | |
r-patched-linux-x86_64 | 2019.6 | 8.76 | 475.44 | 484.20 | NOTE | |
r-release-linux-x86_64 | 2019.6 | 8.55 | 482.73 | 491.28 | NOTE | |
r-release-macos-arm64 | 2019.6 | 101.00 | NOTE | |||
r-release-macos-x86_64 | 2019.6 | 176.00 | NOTE | |||
r-release-windows-x86_64 | 2019.6 | 74.00 | 266.00 | 340.00 | NOTE | |
r-oldrel-macos-arm64 | 2019.6 | 98.00 | OK | |||
r-oldrel-windows-x86_64 | 2019.6 | 92.00 | 364.00 | 456.00 | NOTE |
Version: 2019.6
Check: package dependencies
Result: NOTE
Package suggested but not available for checking: ‘networksis’
Flavors: r-devel-linux-x86_64-debian-clang, r-devel-linux-x86_64-debian-gcc, r-devel-linux-x86_64-fedora-clang, r-devel-linux-x86_64-fedora-gcc, r-prerel-macos-arm64, r-prerel-windows-x86_64, r-patched-linux-x86_64, r-release-linux-x86_64, r-release-macos-arm64, r-release-macos-x86_64, r-release-windows-x86_64, r-oldrel-windows-x86_64
Version: 2019.6
Check: whether startup messages can be suppressed
Result: NOTE
unable to reach CRAN
It looks like this package (or a package it requires) has a startup
message which cannot be suppressed: see ?packageStartupMessage.
Flavors: r-prerel-macos-arm64, r-prerel-windows-x86_64
Version: 2019.6
Check: startup messages can be suppressed
Result: NOTE
unable to reach CRAN
It looks like this package (or a package it requires) has a startup
message which cannot be suppressed: see ?packageStartupMessage.
Flavors: r-release-macos-arm64, r-release-macos-x86_64, r-release-windows-x86_64