Last updated on 2023-05-28 23:14:11 CEST.
Flavor | Version | Tinstall | Tcheck | Ttotal | Status | Flags |
---|---|---|---|---|---|---|
r-devel-linux-x86_64-debian-clang | 0.5.6 | 12.03 | 101.63 | 113.66 | NOTE | |
r-devel-linux-x86_64-debian-gcc | 0.5.6 | 9.90 | 76.57 | 86.47 | NOTE | |
r-devel-linux-x86_64-fedora-clang | 0.5.6 | 147.77 | NOTE | |||
r-devel-linux-x86_64-fedora-gcc | 0.5.6 | 139.56 | NOTE | |||
r-devel-windows-x86_64 | 0.5.6 | 11.00 | 85.00 | 96.00 | NOTE | |
r-patched-linux-x86_64 | 0.5.6 | 12.80 | 95.13 | 107.93 | NOTE | |
r-release-linux-x86_64 | 0.5.6 | 9.27 | 93.78 | 103.05 | NOTE | |
r-release-macos-arm64 | 0.5.6 | 40.00 | NOTE | |||
r-release-macos-x86_64 | 0.5.6 | 68.00 | NOTE | |||
r-release-windows-x86_64 | 0.5.6 | 14.00 | 106.00 | 120.00 | NOTE | |
r-oldrel-macos-arm64 | 0.5.6 | 38.00 | NOTE | |||
r-oldrel-macos-x86_64 | 0.5.6 | 76.00 | NOTE | |||
r-oldrel-windows-x86_64 | 0.5.6 | 15.00 | 109.00 | 124.00 | NOTE |
Version: 0.5.6
Check: LazyData
Result: NOTE
'LazyData' is specified without a 'data' directory
Flavors: r-devel-linux-x86_64-debian-clang, r-devel-linux-x86_64-debian-gcc, r-devel-linux-x86_64-fedora-clang, r-devel-linux-x86_64-fedora-gcc, r-devel-windows-x86_64, r-patched-linux-x86_64, r-release-linux-x86_64, r-release-macos-arm64, r-release-macos-x86_64, r-release-windows-x86_64, r-oldrel-macos-arm64, r-oldrel-macos-x86_64, r-oldrel-windows-x86_64