Last updated on 2024-03-28 23:55:21 CET.
Flavor | Version | Tinstall | Tcheck | Ttotal | Status | Flags |
---|---|---|---|---|---|---|
r-devel-linux-x86_64-debian-clang | 0.7.2 | 6.24 | 56.40 | 62.64 | NOTE | |
r-devel-linux-x86_64-debian-gcc | 0.7.2 | 3.02 | 42.98 | 46.00 | NOTE | |
r-devel-linux-x86_64-fedora-clang | 0.7.2 | 78.28 | NOTE | |||
r-devel-linux-x86_64-fedora-gcc | 0.7.2 | 91.72 | NOTE | |||
r-devel-windows-x86_64 | 0.7.2 | 6.00 | 67.00 | 73.00 | NOTE | |
r-patched-linux-x86_64 | 0.7.2 | 3.85 | 54.30 | 58.15 | NOTE | |
r-release-linux-x86_64 | 0.7.2 | 3.53 | 52.30 | 55.83 | OK | |
r-release-macos-arm64 | 0.7.2 | 37.00 | OK | |||
r-release-macos-x86_64 | 0.7.2 | 53.00 | OK | |||
r-release-windows-x86_64 | 0.7.2 | 8.00 | 87.00 | 95.00 | OK | |
r-oldrel-macos-arm64 | 0.7.2 | 31.00 | OK | |||
r-oldrel-windows-x86_64 | 0.7.2 | 8.00 | 77.00 | 85.00 | OK |
Version: 0.7.2
Check: Rd files
Result: NOTE
checkRd: (-1) sp_get_codelist_file.Rd:29: Lost braces; missing escapes or markup?
29 | finer-grained control of intermediate outputs is needed, e.g. in a {targets} workflow.
| ^
checkRd: (-1) sp_get_codelist_url.Rd:19: Lost braces; missing escapes or markup?
19 | finer-grained control of intermediate outputs is needed, e.g. in a {targets} workflow.
| ^
checkRd: (-1) sp_get_table_file.Rd:21: Lost braces; missing escapes or markup?
21 | finer-grained control of intermediate outputs is needed, e.g. in a {targets} workflow.
| ^
checkRd: (-1) sp_load_codelist.Rd:19: Lost braces; missing escapes or markup?
19 | finer-grained control of intermediate outputs is needed, e.g. in a {targets} workflow.
| ^
checkRd: (-1) sp_load_table.Rd:19: Lost braces; missing escapes or markup?
19 | finer-grained control of intermediate outputs is needed, e.g. in a {targets} workflow.
| ^
Flavors: r-devel-linux-x86_64-debian-clang, r-devel-linux-x86_64-debian-gcc, r-devel-linux-x86_64-fedora-clang, r-devel-linux-x86_64-fedora-gcc, r-devel-windows-x86_64, r-patched-linux-x86_64
Version: 0.7.2
Check: data for non-ASCII characters
Result: NOTE
Note: found 56 marked UTF-8 strings
Flavors: r-devel-linux-x86_64-fedora-clang, r-devel-linux-x86_64-fedora-gcc