Last updated on 2023-12-07 20:48:54 CET.
Flavor | Version | Tinstall | Tcheck | Ttotal | Status | Flags |
---|---|---|---|---|---|---|
r-devel-linux-x86_64-debian-clang | 1.0 | 14.10 | 49.53 | 63.63 | NOTE | |
r-devel-linux-x86_64-debian-gcc | 1.0 | 11.71 | 37.96 | 49.67 | NOTE | |
r-devel-linux-x86_64-fedora-clang | 1.0 | 88.60 | NOTE | |||
r-devel-linux-x86_64-fedora-gcc | 1.0 | 86.09 | NOTE | |||
r-devel-windows-x86_64 | 1.0 | 14.00 | 71.00 | 85.00 | OK | |
r-patched-linux-x86_64 | 1.0 | 12.54 | 49.68 | 62.22 | OK | |
r-release-linux-x86_64 | 1.0 | 11.42 | 48.20 | 59.62 | OK | |
r-release-macos-arm64 | 1.0 | 28.00 | OK | |||
r-release-macos-x86_64 | 1.0 | 44.00 | OK | |||
r-release-windows-x86_64 | 1.0 | 18.00 | 90.00 | 108.00 | OK | |
r-oldrel-macos-arm64 | 1.0 | 27.00 | OK | |||
r-oldrel-macos-x86_64 | 1.0 | 37.00 | OK | |||
r-oldrel-windows-x86_64 | 1.0 | 17.00 | 85.00 | 102.00 | OK |
Version: 1.0
Check: Rd files
Result: NOTE
checkRd: (-1) gmultidcov.Rd:23: Lost braces; missing escapes or markup?
23 | If symmetric==TRUE, calculates: sum_{i=1}^{C} dcovustat(S[,group==i],S[,group!=i])
| ^
checkRd: (-1) gmultidcov.Rd:23: Lost braces; missing escapes or markup?
23 | If symmetric==TRUE, calculates: sum_{i=1}^{C} dcovustat(S[,group==i],S[,group!=i])
| ^
checkRd: (-1) gmultidcov.Rd:24: Lost braces; missing escapes or markup?
24 | If symmetric==FALSE, calculates: sum_{i=1}^{C-1} dcovustat(S[,group==i],S[,group>i])
| ^
checkRd: (-1) gmultidcov.Rd:24: Lost braces; missing escapes or markup?
24 | If symmetric==FALSE, calculates: sum_{i=1}^{C-1} dcovustat(S[,group==i],S[,group>i])
| ^
checkRd: (-1) multidcov.Rd:20: Lost braces; missing escapes or markup?
20 | If symmetric==TRUE, calculates: sum_{i=1}^{d} dcovustat(S[,i],S[,-i])
| ^
checkRd: (-1) multidcov.Rd:20: Lost braces; missing escapes or markup?
20 | If symmetric==TRUE, calculates: sum_{i=1}^{d} dcovustat(S[,i],S[,-i])
| ^
checkRd: (-1) multidcov.Rd:21: Lost braces; missing escapes or markup?
21 | If symmetric==FALSE, calculates: sum_{i=1}^{d-1} dcovustat(S[,i],S[,(i+1):d])
| ^
checkRd: (-1) multidcov.Rd:21: Lost braces; missing escapes or markup?
21 | If symmetric==FALSE, calculates: sum_{i=1}^{d-1} dcovustat(S[,i],S[,(i+1):d])
| ^
checkRd: (-1) permTest.Rd:26: Lost braces; missing escapes or markup?
26 | If symmetric==TRUE, calculates: sum_{i=1}^{C} dcovustat(S[,group==i],S[,group!=i])
| ^
checkRd: (-1) permTest.Rd:26: Lost braces; missing escapes or markup?
26 | If symmetric==TRUE, calculates: sum_{i=1}^{C} dcovustat(S[,group==i],S[,group!=i])
| ^
checkRd: (-1) permTest.Rd:27: Lost braces; missing escapes or markup?
27 | If symmetric==FALSE, calculates: sum_{i=1}^{C-1} dcovustat(S[,group==i],S[,group>i])
| ^
checkRd: (-1) permTest.Rd:27: Lost braces; missing escapes or markup?
27 | If symmetric==FALSE, calculates: sum_{i=1}^{C-1} dcovustat(S[,group==i],S[,group>i])
| ^
Flavors: r-devel-linux-x86_64-debian-clang, r-devel-linux-x86_64-debian-gcc
Version: 1.0
Check: compiled code
Result: NOTE
File ‘steadyICA/libs/steadyICA.so’:
Found no calls to: ‘R_registerRoutines’, ‘R_useDynamicSymbols’
It is good practice to register native routines and to disable symbol
search.
See ‘Writing portable packages’ in the ‘Writing R Extensions’ manual.
Flavors: r-devel-linux-x86_64-fedora-clang, r-devel-linux-x86_64-fedora-gcc