Last updated on 2023-06-09 16:57:08 CEST.
Flavor | Version | Tinstall | Tcheck | Ttotal | Status | Flags |
---|---|---|---|---|---|---|
r-devel-linux-x86_64-debian-clang | 0.0.2 | 167.75 | 156.99 | 324.74 | NOTE | |
r-devel-linux-x86_64-debian-gcc | 0.0.2 | 166.79 | 118.71 | 285.50 | NOTE | |
r-devel-linux-x86_64-fedora-clang | 0.0.2 | 438.13 | OK | |||
r-devel-linux-x86_64-fedora-gcc | 0.0.2 | 523.12 | OK | |||
r-devel-windows-x86_64 | 0.0.2 | 124.00 | 151.00 | 275.00 | NOTE | |
r-patched-linux-x86_64 | 0.0.2 | 179.32 | 150.04 | 329.36 | NOTE | |
r-release-linux-x86_64 | 0.0.2 | 178.38 | 150.19 | 328.57 | NOTE | |
r-release-macos-arm64 | 0.0.2 | 125.00 | NOTE | |||
r-release-macos-x86_64 | 0.0.2 | 215.00 | NOTE | |||
r-release-windows-x86_64 | 0.0.2 | 167.00 | 191.00 | 358.00 | NOTE | |
r-oldrel-macos-arm64 | 0.0.2 | 119.00 | NOTE | |||
r-oldrel-macos-x86_64 | 0.0.2 | 157.00 | NOTE | |||
r-oldrel-windows-x86_64 | 0.0.2 | 151.00 | 178.00 | 329.00 | NOTE |
Version: 0.0.2
Check: package dependencies
Result: NOTE
Package suggested but not available for checking: ‘INLA’
Flavors: r-devel-linux-x86_64-debian-clang, r-devel-linux-x86_64-debian-gcc, r-devel-windows-x86_64, r-patched-linux-x86_64, r-release-linux-x86_64, r-release-macos-arm64, r-release-macos-x86_64, r-release-windows-x86_64, r-oldrel-macos-arm64, r-oldrel-macos-x86_64, r-oldrel-windows-x86_64
Version: 0.0.2
Check: installed package size
Result: NOTE
installed size is 14.5Mb
sub-directories of 1Mb or more:
libs 13.4Mb
Flavors: r-devel-windows-x86_64, r-release-macos-arm64, r-release-macos-x86_64, r-release-windows-x86_64, r-oldrel-macos-arm64, r-oldrel-macos-x86_64, r-oldrel-windows-x86_64