Last updated on 2024-04-24 00:56:00 CEST.
Flavor | Version | Tinstall | Tcheck | Ttotal | Status | Flags |
---|---|---|---|---|---|---|
r-devel-linux-x86_64-debian-clang | 1.2.0 | 36.07 | 45.79 | 81.86 | OK | |
r-devel-linux-x86_64-debian-gcc | 1.2.0 | 29.95 | 34.63 | 64.58 | OK | |
r-devel-linux-x86_64-fedora-clang | 1.2.0 | 110.88 | NOTE | |||
r-devel-linux-x86_64-fedora-gcc | 1.2.0 | 109.73 | NOTE | |||
r-prerel-macos-arm64 | 1.2.0 | 53.00 | OK | |||
r-prerel-macos-x86_64 | 1.2.0 | 120.00 | OK | |||
r-prerel-windows-x86_64 | 1.2.0 | 34.00 | 66.00 | 100.00 | OK | |
r-patched-linux-x86_64 | 1.2.0 | 33.99 | 43.29 | 77.28 | OK | |
r-release-linux-x86_64 | 1.2.0 | 35.34 | 43.41 | 78.75 | OK | |
r-release-macos-arm64 | 1.2.0 | 58.00 | OK | |||
r-release-macos-x86_64 | 1.2.0 | 116.00 | OK | |||
r-release-windows-x86_64 | 1.2.0 | 33.00 | 73.00 | 106.00 | OK | |
r-oldrel-macos-arm64 | 1.2.0 | 56.00 | OK | |||
r-oldrel-windows-x86_64 | 1.2.0 | 45.00 | 63.00 | 108.00 | OK |
Version: 1.2.0
Check: data for non-ASCII characters
Result: NOTE
Note: found 534 marked UTF-8 strings
Flavors: r-devel-linux-x86_64-fedora-clang, r-devel-linux-x86_64-fedora-gcc