CRAN Package Check Results for Package stevethemes

Last updated on 2024-07-25 16:46:25 CEST.

Flavor Version Tinstall Tcheck Ttotal Status Flags
r-devel-linux-x86_64-debian-clang 0.1.0 5.64 56.95 62.59 OK
r-devel-linux-x86_64-debian-gcc 0.1.0 3.57 42.90 46.47 OK
r-devel-linux-x86_64-fedora-clang 0.1.0 80.02 NOTE
r-devel-linux-x86_64-fedora-gcc 0.1.0 72.87 NOTE
r-devel-windows-x86_64 0.1.0 8.00 62.00 70.00 OK
r-patched-linux-x86_64 0.1.0 OK
r-release-linux-x86_64 0.1.0 5.52 53.64 59.16 OK
r-release-macos-arm64 0.1.0 26.00 OK
r-release-macos-x86_64 0.1.0 46.00 OK
r-release-windows-x86_64 0.1.0 7.00 62.00 69.00 OK
r-oldrel-macos-arm64 0.1.0 37.00 OK
r-oldrel-macos-x86_64 0.1.0 42.00 OK
r-oldrel-windows-x86_64 0.1.0 9.00 70.00 79.00 OK

Check Details

Version: 0.1.0
Check: data for non-ASCII characters
Result: NOTE Note: found 240 marked UTF-8 strings Flavors: r-devel-linux-x86_64-fedora-clang, r-devel-linux-x86_64-fedora-gcc