CRAN Package Check Results for Package stickr

Last updated on 2021-10-26 09:09:42 CEST.

Flavor Version Tinstall Tcheck Ttotal Status Flags
r-devel-linux-x86_64-debian-clang 0.3.1 2.31 22.46 24.77 NOTE
r-devel-linux-x86_64-debian-gcc 0.3.1 1.76 18.04 19.80 NOTE
r-devel-linux-x86_64-fedora-clang 0.3.1 40.70 NOTE
r-devel-linux-x86_64-fedora-gcc 0.3.1 29.81 NOTE
r-devel-windows-x86_64 0.3.1 5.00 33.00 38.00 NOTE
r-devel-windows-x86_64-gcc10-UCRT 0.3.1 NOTE
r-patched-linux-x86_64 0.3.1 2.18 22.14 24.32 NOTE
r-patched-solaris-x86 0.3.1 51.70 NOTE
r-release-linux-x86_64 0.3.1 2.14 21.94 24.08 NOTE
r-release-macos-arm64 0.3.1 NOTE
r-release-macos-x86_64 0.3.1 NOTE
r-release-windows-ix86+x86_64 0.3.1 5.00 44.00 49.00 NOTE
r-oldrel-macos-x86_64 0.3.1 OK
r-oldrel-windows-ix86+x86_64 0.3.1 5.00 42.00 47.00 OK

Check Details

Version: 0.3.1
Check: LazyData
Result: NOTE
     'LazyData' is specified without a 'data' directory
Flavors: r-devel-linux-x86_64-debian-clang, r-devel-linux-x86_64-debian-gcc, r-devel-linux-x86_64-fedora-clang, r-devel-linux-x86_64-fedora-gcc, r-devel-windows-x86_64, r-devel-windows-x86_64-gcc10-UCRT, r-patched-linux-x86_64, r-patched-solaris-x86, r-release-linux-x86_64, r-release-macos-arm64, r-release-macos-x86_64, r-release-windows-ix86+x86_64