CRAN Package Check Results for Package sticky

Last updated on 2021-10-24 00:51:14 CEST.

Flavor Version Tinstall Tcheck Ttotal Status Flags
r-devel-linux-x86_64-debian-clang 0.5.6.1 2.02 26.53 28.55 NOTE
r-devel-linux-x86_64-debian-gcc 0.5.6.1 1.43 21.26 22.69 NOTE
r-devel-linux-x86_64-fedora-clang 0.5.6.1 45.69 NOTE
r-devel-linux-x86_64-fedora-gcc 0.5.6.1 35.08 NOTE
r-devel-windows-x86_64 0.5.6.1 4.00 36.00 40.00 NOTE
r-devel-windows-x86_64-gcc10-UCRT 0.5.6.1 NOTE
r-patched-linux-x86_64 0.5.6.1 2.00 25.61 27.61 NOTE
r-patched-solaris-x86 0.5.6.1 58.20 NOTE
r-release-linux-x86_64 0.5.6.1 2.02 25.45 27.47 NOTE
r-release-macos-arm64 0.5.6.1 NOTE
r-release-macos-x86_64 0.5.6.1 NOTE
r-release-windows-ix86+x86_64 0.5.6.1 3.00 46.00 49.00 NOTE
r-oldrel-macos-x86_64 0.5.6.1 OK
r-oldrel-windows-ix86+x86_64 0.5.6.1 6.00 46.00 52.00 OK

Check Details

Version: 0.5.6.1
Check: LazyData
Result: NOTE
     'LazyData' is specified without a 'data' directory
Flavors: r-devel-linux-x86_64-debian-clang, r-devel-linux-x86_64-debian-gcc, r-devel-linux-x86_64-fedora-clang, r-devel-linux-x86_64-fedora-gcc, r-devel-windows-x86_64, r-devel-windows-x86_64-gcc10-UCRT, r-patched-linux-x86_64, r-patched-solaris-x86, r-release-linux-x86_64, r-release-macos-arm64, r-release-macos-x86_64, r-release-windows-ix86+x86_64