CRAN Package Check Results for Package stmCorrViz

Last updated on 2021-10-27 00:51:20 CEST.

Flavor Version Tinstall Tcheck Ttotal Status Flags
r-devel-linux-x86_64-debian-clang 1.3 2.45 39.07 41.52 NOTE
r-devel-linux-x86_64-debian-gcc 1.3 1.93 29.03 30.96 NOTE
r-devel-linux-x86_64-fedora-clang 1.3 59.58 NOTE
r-devel-linux-x86_64-fedora-gcc 1.3 47.92 NOTE
r-devel-windows-x86_64 1.3 4.00 45.00 49.00 OK
r-devel-windows-x86_64-gcc10-UCRT 1.3 NOTE
r-patched-linux-x86_64 1.3 2.50 37.14 39.64 NOTE
r-patched-solaris-x86 1.3 74.80 NOTE
r-release-linux-x86_64 1.3 2.52 37.17 39.69 NOTE
r-release-macos-arm64 1.3 NOTE
r-release-macos-x86_64 1.3 NOTE
r-release-windows-ix86+x86_64 1.3 5.00 59.00 64.00 OK
r-oldrel-macos-x86_64 1.3 NOTE
r-oldrel-windows-ix86+x86_64 1.3 7.00 59.00 66.00 OK

Check Details

Version: 1.3
Check: for non-standard things in the check directory
Result: NOTE
    Found the following files/directories:
     'corrviz.html'
Flavors: r-devel-linux-x86_64-debian-clang, r-devel-linux-x86_64-debian-gcc, r-devel-linux-x86_64-fedora-clang, r-devel-linux-x86_64-fedora-gcc, r-patched-linux-x86_64, r-patched-solaris-x86, r-release-linux-x86_64

Version: 1.3
Check: dependencies in R code
Result: NOTE
    Namespaces in Imports field not imported from:
     ‘SnowballC’ ‘tm’
     All declared Imports should be used.
Flavors: r-devel-linux-x86_64-fedora-clang, r-devel-linux-x86_64-fedora-gcc, r-devel-windows-x86_64-gcc10-UCRT, r-patched-solaris-x86, r-release-macos-arm64, r-release-macos-x86_64, r-oldrel-macos-x86_64