CRAN Package Check Results for Package stmCorrViz

Last updated on 2024-02-25 01:01:19 CET.

Flavor Version Tinstall Tcheck Ttotal Status Flags
r-devel-linux-x86_64-debian-clang 1.3 1.60 41.34 42.94 NOTE
r-devel-linux-x86_64-debian-gcc 1.3 2.07 30.94 33.01 NOTE
r-devel-linux-x86_64-fedora-clang 1.3 55.37 NOTE
r-devel-linux-x86_64-fedora-gcc 1.3 53.91 NOTE
r-devel-windows-x86_64 1.3 3.00 58.00 61.00 OK
r-patched-linux-x86_64 1.3 2.58 39.00 41.58 NOTE
r-release-linux-x86_64 1.3 1.75 38.82 40.57 NOTE
r-release-macos-arm64 1.3 28.00 OK
r-release-macos-x86_64 1.3 31.00 OK
r-release-windows-x86_64 1.3 4.00 59.00 63.00 OK
r-oldrel-macos-arm64 1.3 21.00 NOTE
r-oldrel-windows-x86_64 1.3 4.00 67.00 71.00 OK

Check Details

Version: 1.3
Check: for non-standard things in the check directory
Result: NOTE Found the following files/directories: ‘corrviz.html’ Flavors: r-devel-linux-x86_64-debian-clang, r-devel-linux-x86_64-debian-gcc, r-devel-linux-x86_64-fedora-clang, r-devel-linux-x86_64-fedora-gcc, r-patched-linux-x86_64, r-release-linux-x86_64

Version: 1.3
Check: dependencies in R code
Result: NOTE Namespaces in Imports field not imported from: ‘SnowballC’ ‘tm’ All declared Imports should be used. Flavors: r-devel-linux-x86_64-fedora-clang, r-devel-linux-x86_64-fedora-gcc, r-oldrel-macos-arm64