Last updated on 2024-04-23 08:58:18 CEST.
Flavor | Version | Tinstall | Tcheck | Ttotal | Status | Flags |
---|---|---|---|---|---|---|
r-devel-linux-x86_64-debian-clang | 1.1.2 | 15.48 | 154.68 | 170.16 | OK | |
r-devel-linux-x86_64-debian-gcc | 1.1.2 | 13.69 | 113.18 | 126.87 | OK | |
r-devel-linux-x86_64-fedora-clang | 1.1.2 | 213.29 | NOTE | |||
r-devel-linux-x86_64-fedora-gcc | 1.1.2 | 211.30 | OK | |||
r-prerel-macos-arm64 | 1.1.2 | 67.00 | NOTE | |||
r-prerel-windows-x86_64 | 1.1.2 | 18.00 | 129.00 | 147.00 | NOTE | |
r-patched-linux-x86_64 | 1.1.2 | 15.74 | 149.03 | 164.77 | OK | |
r-release-linux-x86_64 | 1.1.2 | 10.95 | 151.60 | 162.55 | OK | |
r-release-macos-arm64 | 1.1.2 | 68.00 | NOTE | |||
r-release-macos-x86_64 | 1.1.2 | 107.00 | NOTE | |||
r-release-windows-x86_64 | 1.1.2 | 20.00 | 166.00 | 186.00 | NOTE | |
r-oldrel-macos-arm64 | 1.1.2 | 62.00 | NOTE | |||
r-oldrel-windows-x86_64 | 1.1.2 | 20.00 | 170.00 | 190.00 | NOTE |
Version: 1.1.2
Check: installed package size
Result: NOTE
installed size is 6.8Mb
sub-directories of 1Mb or more:
data 6.3Mb
Flavors: r-devel-linux-x86_64-fedora-clang, r-prerel-macos-arm64, r-prerel-windows-x86_64, r-release-macos-arm64, r-release-macos-x86_64, r-release-windows-x86_64, r-oldrel-macos-arm64, r-oldrel-windows-x86_64