Last updated on 2024-03-28 23:55:21 CET.
Flavor | Version | Tinstall | Tcheck | Ttotal | Status | Flags |
---|---|---|---|---|---|---|
r-devel-linux-x86_64-debian-clang | 2.0.3 | 10.21 | 53.93 | 64.14 | NOTE | |
r-devel-linux-x86_64-debian-gcc | 2.0.3 | 7.05 | 39.87 | 46.92 | NOTE | |
r-devel-linux-x86_64-fedora-clang | 2.0.3 | 77.68 | NOTE | |||
r-devel-linux-x86_64-fedora-gcc | 2.0.3 | 80.36 | NOTE | |||
r-devel-windows-x86_64 | 2.0.3 | 8.00 | 59.00 | 67.00 | NOTE | |
r-patched-linux-x86_64 | 2.0.3 | 8.49 | 52.04 | 60.53 | NOTE | |
r-release-linux-x86_64 | 2.0.3 | 8.13 | 52.31 | 60.44 | OK | |
r-release-macos-arm64 | 2.0.3 | 24.00 | OK | |||
r-release-macos-x86_64 | 2.0.3 | 37.00 | OK | |||
r-release-windows-x86_64 | 2.0.3 | 7.00 | 66.00 | 73.00 | OK | |
r-oldrel-macos-arm64 | 2.0.3 | 24.00 | OK | |||
r-oldrel-windows-x86_64 | 2.0.3 | 12.00 | 68.00 | 80.00 | OK |
Version: 2.0.3
Check: Rd contents
Result: NOTE
Argument items with no description in Rd file 'd.sum.of.mixtures.EXPLN.Rd':
‘p.vector’
Flavors: r-devel-linux-x86_64-debian-clang, r-devel-linux-x86_64-debian-gcc, r-devel-linux-x86_64-fedora-clang, r-devel-linux-x86_64-fedora-gcc, r-devel-windows-x86_64, r-patched-linux-x86_64