CRAN Package Check Results for Package stochvolTMB

Last updated on 2021-09-23 20:52:31 CEST.

Flavor Version Tinstall Tcheck Ttotal Status Flags
r-devel-linux-x86_64-debian-clang 0.2.0 24.26 173.36 197.62 OK
r-devel-linux-x86_64-debian-gcc 0.2.0 20.37 135.41 155.78 OK
r-devel-linux-x86_64-fedora-clang 0.2.0 246.10 NOTE
r-devel-linux-x86_64-fedora-gcc 0.2.0 249.25 OK
r-devel-windows-x86_64 0.2.0 37.00 101.00 138.00 NOTE
r-devel-windows-x86_64-gcc10-UCRT 0.2.0 OK
r-patched-linux-x86_64 0.2.0 25.14 179.45 204.59 OK
r-patched-solaris-x86 0.2.0 324.10 NOTE
r-release-linux-x86_64 0.2.0 23.22 177.64 200.86 OK
r-release-macos-arm64 0.2.0 NOTE
r-release-macos-x86_64 0.2.0 NOTE
r-release-windows-ix86+x86_64 0.2.0 113.00 116.00 229.00 NOTE
r-oldrel-macos-x86_64 0.2.0 NOTE
r-oldrel-windows-ix86+x86_64 0.2.0 86.00 120.00 206.00 NOTE

Check Details

Version: 0.2.0
Check: installed package size
Result: NOTE
     installed size is 12.3Mb
     sub-directories of 1Mb or more:
     libs 10.7Mb
Flavors: r-devel-linux-x86_64-fedora-clang, r-devel-windows-x86_64, r-patched-solaris-x86, r-release-macos-arm64, r-release-macos-x86_64, r-release-windows-ix86+x86_64, r-oldrel-macos-x86_64, r-oldrel-windows-ix86+x86_64