Last updated on 2024-03-27 23:59:59 CET.
Flavor | Version | Tinstall | Tcheck | Ttotal | Status | Flags |
---|---|---|---|---|---|---|
r-devel-linux-x86_64-debian-clang | 0.2.0 | 41.46 | 181.56 | 223.02 | OK | |
r-devel-linux-x86_64-debian-gcc | 0.2.0 | 41.55 | 139.39 | 180.94 | OK | |
r-devel-linux-x86_64-fedora-clang | 0.2.0 | 281.57 | NOTE | |||
r-devel-linux-x86_64-fedora-gcc | 0.2.0 | 323.30 | OK | |||
r-devel-windows-x86_64 | 0.2.0 | 67.00 | 108.00 | 175.00 | NOTE | |
r-patched-linux-x86_64 | 0.2.0 | 47.39 | 180.27 | 227.66 | OK | |
r-release-linux-x86_64 | 0.2.0 | 50.12 | 181.69 | 231.81 | OK | |
r-release-macos-arm64 | 0.2.0 | 99.00 | NOTE | |||
r-release-macos-x86_64 | 0.2.0 | 137.00 | NOTE | |||
r-release-windows-x86_64 | 0.2.0 | 83.00 | 126.00 | 209.00 | NOTE | |
r-oldrel-macos-arm64 | 0.2.0 | 85.00 | NOTE | |||
r-oldrel-windows-x86_64 | 0.2.0 | 73.00 | 122.00 | 195.00 | NOTE |
Version: 0.2.0
Check: installed package size
Result: NOTE
installed size is 29.0Mb
sub-directories of 1Mb or more:
libs 27.3Mb
Flavors: r-devel-linux-x86_64-fedora-clang, r-devel-windows-x86_64, r-release-macos-arm64, r-release-macos-x86_64, r-release-windows-x86_64, r-oldrel-macos-arm64, r-oldrel-windows-x86_64