Last updated on 2024-03-28 23:55:21 CET.
Flavor | Version | Tinstall | Tcheck | Ttotal | Status | Flags |
---|---|---|---|---|---|---|
r-devel-linux-x86_64-debian-clang | 1.0-1 | 21.66 | 210.57 | 232.23 | OK | |
r-devel-linux-x86_64-debian-gcc | 1.0-1 | 20.11 | 159.76 | 179.87 | OK | |
r-devel-linux-x86_64-fedora-clang | 1.0-1 | 293.23 | NOTE | |||
r-devel-linux-x86_64-fedora-gcc | 1.0-1 | 315.11 | OK | |||
r-devel-windows-x86_64 | 1.0-1 | 22.00 | 178.00 | 200.00 | OK | |
r-patched-linux-x86_64 | 1.0-1 | 28.36 | 209.09 | 237.45 | OK | |
r-release-linux-x86_64 | 1.0-1 | 24.61 | 201.97 | 226.58 | OK | |
r-release-macos-arm64 | 1.0-1 | 89.00 | OK | |||
r-release-macos-x86_64 | 1.0-1 | 121.00 | OK | |||
r-release-windows-x86_64 | 1.0-1 | 30.00 | 223.00 | 253.00 | OK | |
r-oldrel-macos-arm64 | 1.0-1 | 74.00 | OK | |||
r-oldrel-windows-x86_64 | 1.0-1 | 33.00 | 209.00 | 242.00 | OK |
Version: 1.0-1
Check: Rd cross-references
Result: NOTE
Undeclared package ‘dbscan’ in Rd xrefs
Flavor: r-devel-linux-x86_64-fedora-clang