CRAN Package Check Results for Package stopwords

Last updated on 2022-01-26 16:50:24 CET.

Flavor Version Tinstall Tcheck Ttotal Status Flags
r-devel-linux-x86_64-debian-clang 2.3 2.42 32.64 35.06 OK
r-devel-linux-x86_64-debian-gcc 2.3 1.92 25.80 27.72 OK
r-devel-linux-x86_64-fedora-clang 2.3 43.70 NOTE
r-devel-linux-x86_64-fedora-gcc 2.3 32.20 NOTE
r-devel-windows-x86_64-new-UL 2.3 50.00 52.00 102.00 OK
r-devel-windows-x86_64-new-TK 2.3 NOTE
r-patched-linux-x86_64 2.3 1.81 31.20 33.01 OK
r-release-linux-x86_64 2.3 2.25 31.41 33.66 OK
r-release-macos-arm64 2.3 NOTE
r-release-macos-x86_64 2.3 NOTE
r-release-windows-ix86+x86_64 2.3 6.00 40.00 46.00 OK
r-oldrel-macos-x86_64 2.3 NOTE
r-oldrel-windows-ix86+x86_64 2.3 6.00 40.00 46.00 OK

Check Details

Version: 2.3
Check: data for non-ASCII characters
Result: NOTE
     Note: found 22806 marked UTF-8 strings
Flavors: r-devel-linux-x86_64-fedora-clang, r-devel-linux-x86_64-fedora-gcc, r-devel-windows-x86_64-new-TK, r-release-macos-arm64, r-release-macos-x86_64, r-oldrel-macos-x86_64