CRAN Package Check Results for Package stratallo

Last updated on 2023-09-28 16:54:33 CEST.

Flavor Version Tinstall Tcheck Ttotal Status Flags
r-devel-linux-x86_64-debian-clang 2.2.0 5.19 55.60 60.79 OK
r-devel-linux-x86_64-debian-gcc 2.2.0 3.86 42.13 45.99 OK
r-devel-linux-x86_64-fedora-clang 2.2.0 73.02 OK
r-devel-linux-x86_64-fedora-gcc 2.2.0 84.68 OK
r-devel-windows-x86_64 2.2.0 5.00 68.00 73.00 OK
r-patched-linux-x86_64 2.2.0 4.85 53.26 58.11 OK
r-release-linux-x86_64 2.2.0 4.60 53.11 57.71 OK
r-release-macos-arm64 2.2.0 29.00 OK
r-release-macos-x86_64 2.2.0 82.00 OK
r-release-windows-x86_64 2.2.0 7.00 75.00 82.00 OK
r-oldrel-macos-arm64 2.2.0 35.00 ERROR
r-oldrel-macos-x86_64 2.2.0 110.00 ERROR
r-oldrel-windows-x86_64 2.2.0 7.00 71.00 78.00 OK

Check Details

Version: 2.2.0
Check: PDF version of manual
Result: WARN
    LaTeX errors when creating PDF version.
    This typically indicates Rd problems.
    LaTeX errors found:
    ! Undefined control sequence.
    <recently read> \mathbb
    
    l.349 The minimization is on \eqn{\mathbb R_+^H}{}
     .
    ! Undefined control sequence.
    <recently read> \mathbb
    
    l.537 minimization is on \eqn{\mathbb R_+^H}{}
     .
    ! Undefined control sequence.
    <recently read> \mathbb
    
    l.637 ... minimization is on \eqn{\mathbb R_+^H}{}
     .
    ! Misplaced alignment tab character &.
    <argument> I(x) = \begin {cases} 0, &
     x \text { is } FALSE \\ 1, & x \text ...
    l.929 }{}
    
    ! Undefined control sequence.
    <argument> I(x) = \begin {cases} 0, & x \text
     { is } FALSE \\ 1, & x \text ...
    l.929 }{}
    
    ! Misplaced alignment tab character &.
    <argument> ...s} 0, & x \text { is } FALSE \\ 1, &
     x \text { is } TRUE, \end...
    l.929 }{}
    
    ! Undefined control sequence.
    <argument> ... \text { is } FALSE \\ 1, & x \text
     { is } TRUE, \end {cases}
    l.929 }{}
    
    ! Undefined control sequence.
    <recently read> \mathbb
    
    l.975 The minimization is on \eqn{\mathbb R_+^H}{}
     .
Flavors: r-oldrel-macos-arm64, r-oldrel-macos-x86_64

Version: 2.2.0
Check: PDF version of manual without index
Result: ERROR
Flavors: r-oldrel-macos-arm64, r-oldrel-macos-x86_64