Last updated on 2024-04-24 16:54:46 CEST.
Flavor | Version | Tinstall | Tcheck | Ttotal | Status | Flags |
---|---|---|---|---|---|---|
r-devel-linux-x86_64-debian-clang | 0.0.91 | 26.27 | 26.88 | 53.15 | OK | |
r-devel-linux-x86_64-debian-gcc | 0.0.91 | 19.74 | 21.08 | 40.82 | OK | |
r-devel-linux-x86_64-fedora-clang | 0.0.91 | 73.53 | OK | |||
r-devel-linux-x86_64-fedora-gcc | 0.0.91 | 72.95 | OK | |||
r-devel-windows-x86_64 | 0.0.91 | 29.00 | 102.00 | 131.00 | NOTE | |
r-patched-linux-x86_64 | 0.0.91 | 23.13 | 26.29 | 49.42 | OK | |
r-release-linux-x86_64 | 0.0.91 | 23.82 | 26.48 | 50.30 | OK | |
r-release-macos-arm64 | 0.0.91 | 27.00 | OK | |||
r-release-windows-x86_64 | 0.0.91 | 26.00 | 97.00 | 123.00 | NOTE | |
r-oldrel-macos-arm64 | 0.0.91 | 25.00 | OK | |||
r-oldrel-macos-x86_64 | 0.0.91 | 44.00 | OK | |||
r-oldrel-windows-x86_64 | 0.0.91 | 27.00 | 114.00 | 141.00 | NOTE |
Version: 0.0.91
Check: installed package size
Result: NOTE
installed size is 5.4Mb
sub-directories of 1Mb or more:
libs 4.6Mb
Flavors: r-devel-windows-x86_64, r-release-windows-x86_64, r-oldrel-windows-x86_64