Last updated on 2023-12-02 16:49:30 CET.
Flavor | Version | Tinstall | Tcheck | Ttotal | Status | Flags |
---|---|---|---|---|---|---|
r-devel-linux-x86_64-debian-clang | 0.0.91 | 25.93 | 26.84 | 52.77 | OK | |
r-devel-linux-x86_64-debian-gcc | 0.0.91 | 16.81 | 21.19 | 38.00 | OK | |
r-devel-linux-x86_64-fedora-clang | 0.0.91 | 76.56 | OK | |||
r-devel-linux-x86_64-fedora-gcc | 0.0.91 | 71.18 | OK | |||
r-devel-windows-x86_64 | 0.0.91 | 30.00 | 102.00 | 132.00 | NOTE | |
r-patched-linux-x86_64 | 0.0.91 | 23.82 | 26.48 | 50.30 | OK | |
r-release-linux-x86_64 | 0.0.91 | 21.76 | 26.53 | 48.29 | OK | |
r-release-macos-arm64 | 0.0.91 | 27.00 | OK | |||
r-release-macos-x86_64 | 0.0.91 | 44.00 | OK | |||
r-release-windows-x86_64 | 0.0.91 | 35.00 | 112.00 | 147.00 | NOTE | |
r-oldrel-macos-arm64 | 0.0.91 | 25.00 | OK | |||
r-oldrel-macos-x86_64 | 0.0.91 | 32.00 | OK | |||
r-oldrel-windows-x86_64 | 0.0.91 | 31.00 | 87.00 | 118.00 | NOTE |
Version: 0.0.91
Check: installed package size
Result: NOTE
installed size is 5.4Mb
sub-directories of 1Mb or more:
libs 4.6Mb
Flavors: r-devel-windows-x86_64, r-release-windows-x86_64, r-oldrel-windows-x86_64