Last updated on 2023-05-28 23:14:12 CEST.
Flavor | Version | Tinstall | Tcheck | Ttotal | Status | Flags |
---|---|---|---|---|---|---|
r-devel-linux-x86_64-debian-clang | 1.0.0 | 5.10 | 45.72 | 50.82 | NOTE | |
r-devel-linux-x86_64-debian-gcc | 1.0.0 | 3.68 | 35.62 | 39.30 | NOTE | |
r-devel-linux-x86_64-fedora-clang | 1.0.0 | 67.58 | NOTE | |||
r-devel-linux-x86_64-fedora-gcc | 1.0.0 | 61.60 | NOTE | |||
r-devel-windows-x86_64 | 1.0.0 | 6.00 | 57.00 | 63.00 | NOTE | |
r-patched-linux-x86_64 | 1.0.0 | 4.84 | 44.09 | 48.93 | NOTE | |
r-release-linux-x86_64 | 1.0.0 | 3.87 | 44.85 | 48.72 | NOTE | |
r-release-macos-arm64 | 1.0.0 | 25.00 | NOTE | |||
r-release-macos-x86_64 | 1.0.0 | 35.00 | NOTE | |||
r-release-windows-x86_64 | 1.0.0 | 6.00 | 64.00 | 70.00 | NOTE | |
r-oldrel-macos-arm64 | 1.0.0 | 23.00 | NOTE | |||
r-oldrel-macos-x86_64 | 1.0.0 | 32.00 | NOTE | |||
r-oldrel-windows-x86_64 | 1.0.0 | 7.00 | 67.00 | 74.00 | NOTE |
Version: 1.0.0
Check: DESCRIPTION meta-information
Result: NOTE
Malformed Title field: should not end in a period.
Flavors: r-devel-linux-x86_64-debian-clang, r-devel-linux-x86_64-debian-gcc, r-devel-linux-x86_64-fedora-clang, r-devel-linux-x86_64-fedora-gcc, r-devel-windows-x86_64, r-patched-linux-x86_64, r-release-linux-x86_64, r-release-macos-arm64, r-release-macos-x86_64, r-release-windows-x86_64, r-oldrel-macos-arm64, r-oldrel-macos-x86_64, r-oldrel-windows-x86_64