Last updated on 2024-04-26 16:55:00 CEST.
Flavor | Version | Tinstall | Tcheck | Ttotal | Status | Flags |
---|---|---|---|---|---|---|
r-devel-linux-x86_64-debian-clang | 1.0.0 | 3.93 | 47.97 | 51.90 | NOTE | |
r-devel-linux-x86_64-debian-gcc | 1.0.0 | 3.72 | 35.69 | 39.41 | NOTE | |
r-devel-linux-x86_64-fedora-clang | 1.0.0 | 64.63 | NOTE | |||
r-devel-linux-x86_64-fedora-gcc | 1.0.0 | 62.48 | NOTE | |||
r-devel-windows-x86_64 | 1.0.0 | 5.00 | 57.00 | 62.00 | NOTE | |
r-patched-linux-x86_64 | 1.0.0 | 3.25 | 46.10 | 49.35 | NOTE | |
r-release-linux-x86_64 | 1.0.0 | 3.59 | 43.87 | 47.46 | NOTE | |
r-release-macos-arm64 | 1.0.0 | 23.00 | NOTE | |||
r-release-windows-x86_64 | 1.0.0 | 6.00 | 55.00 | 61.00 | NOTE | |
r-oldrel-macos-arm64 | 1.0.0 | 25.00 | NOTE | |||
r-oldrel-macos-x86_64 | 1.0.0 | 35.00 | NOTE | |||
r-oldrel-windows-x86_64 | 1.0.0 | 8.00 | 79.00 | 87.00 | NOTE |
Version: 1.0.0
Check: DESCRIPTION meta-information
Result: NOTE
Malformed Title field: should not end in a period.
Flavors: r-devel-linux-x86_64-debian-clang, r-devel-linux-x86_64-debian-gcc, r-devel-linux-x86_64-fedora-clang, r-devel-linux-x86_64-fedora-gcc, r-devel-windows-x86_64, r-patched-linux-x86_64, r-release-linux-x86_64, r-release-macos-arm64, r-release-windows-x86_64, r-oldrel-macos-arm64, r-oldrel-macos-x86_64, r-oldrel-windows-x86_64