Last updated on 2024-04-18 16:50:11 CEST.
Flavor | Version | Tinstall | Tcheck | Ttotal | Status | Flags |
---|---|---|---|---|---|---|
r-devel-linux-x86_64-debian-clang | 1.3 | 20.47 | 113.32 | 133.79 | NOTE | |
r-devel-linux-x86_64-debian-gcc | 1.3 | 12.60 | 83.75 | 96.35 | NOTE | |
r-devel-linux-x86_64-fedora-clang | 1.3 | 180.98 | NOTE | |||
r-devel-linux-x86_64-fedora-gcc | 1.3 | 193.19 | NOTE | |||
r-prerel-macos-arm64 | 1.3 | 51.00 | NOTE | |||
r-prerel-windows-x86_64 | 1.3 | 17.00 | 132.00 | 149.00 | NOTE | |
r-patched-linux-x86_64 | 1.3 | 18.48 | 117.86 | 136.34 | NOTE | |
r-release-linux-x86_64 | 1.3 | 18.26 | 115.21 | 133.47 | NOTE | |
r-release-macos-arm64 | 1.3 | 59.00 | NOTE | |||
r-release-macos-x86_64 | 1.3 | 91.00 | NOTE | |||
r-release-windows-x86_64 | 1.3 | 20.00 | 156.00 | 176.00 | NOTE | |
r-oldrel-macos-arm64 | 1.3 | 50.00 | OK | |||
r-oldrel-windows-x86_64 | 1.3 | 21.00 | 144.00 | 165.00 | OK |
Version: 1.3
Check: C++ specification
Result: NOTE
Specified C++11: please drop specification unless essential
Flavors: r-devel-linux-x86_64-debian-clang, r-devel-linux-x86_64-debian-gcc, r-devel-linux-x86_64-fedora-clang, r-devel-linux-x86_64-fedora-gcc, r-prerel-macos-arm64, r-prerel-windows-x86_64, r-patched-linux-x86_64, r-release-linux-x86_64, r-release-macos-arm64, r-release-macos-x86_64, r-release-windows-x86_64