CRAN Package Check Results for Package stringb

Last updated on 2024-02-29 00:55:55 CET.

Flavor Version Tinstall Tcheck Ttotal Status Flags
r-devel-linux-x86_64-debian-clang 0.1.17 3.47 33.06 36.53 NOTE
r-devel-linux-x86_64-debian-gcc 0.1.17 2.91 25.19 28.10 NOTE
r-devel-linux-x86_64-fedora-clang 0.1.17 45.86 NOTE
r-devel-linux-x86_64-fedora-gcc 0.1.17 43.98 NOTE
r-devel-windows-x86_64 0.1.17 4.00 54.00 58.00 NOTE
r-patched-linux-x86_64 0.1.17 4.87 32.23 37.10 NOTE
r-release-linux-x86_64 0.1.17 3.93 32.60 36.53 NOTE
r-release-macos-arm64 0.1.17 19.00 NOTE
r-release-macos-x86_64 0.1.17 27.00 NOTE
r-release-windows-x86_64 0.1.17 4.00 57.00 61.00 NOTE
r-oldrel-macos-arm64 0.1.17 22.00 NOTE
r-oldrel-windows-x86_64 0.1.17 6.00 52.00 58.00 NOTE

Check Details

Version: 0.1.17
Check: Rd \usage sections
Result: NOTE Documented arguments not in \usage in Rd file 'get_groups.Rd': ‘groups’ Functions with \usage entries need to have the appropriate \alias entries, and all their arguments documented. The \usage entries must correspond to syntactically valid R code. See chapter ‘Writing R documentation files’ in the ‘Writing R Extensions’ manual. Flavors: r-devel-linux-x86_64-debian-clang, r-devel-linux-x86_64-debian-gcc, r-devel-linux-x86_64-fedora-clang, r-devel-linux-x86_64-fedora-gcc, r-devel-windows-x86_64

Version: 0.1.17
Check: LazyData
Result: NOTE 'LazyData' is specified without a 'data' directory Flavors: r-devel-linux-x86_64-debian-clang, r-devel-linux-x86_64-debian-gcc, r-devel-linux-x86_64-fedora-clang, r-devel-linux-x86_64-fedora-gcc, r-devel-windows-x86_64, r-patched-linux-x86_64, r-release-linux-x86_64, r-release-macos-arm64, r-release-macos-x86_64, r-release-windows-x86_64, r-oldrel-macos-arm64, r-oldrel-windows-x86_64