CRAN Package Check Results for Package strip

Last updated on 2023-06-10 00:54:59 CEST.

Flavor Version Tinstall Tcheck Ttotal Status Flags
r-devel-linux-x86_64-debian-clang 1.0.0 2.44 42.54 44.98 NOTE
r-devel-linux-x86_64-debian-gcc 1.0.0 1.74 32.19 33.93 NOTE
r-devel-linux-x86_64-fedora-clang 1.0.0 56.59 NOTE
r-devel-linux-x86_64-fedora-gcc 1.0.0 53.63 NOTE
r-devel-windows-x86_64 1.0.0 8.00 53.00 61.00 NOTE
r-patched-linux-x86_64 1.0.0 1.85 39.94 41.79 NOTE
r-release-linux-x86_64 1.0.0 1.97 39.87 41.84 NOTE
r-release-macos-arm64 1.0.0 23.00 NOTE
r-release-macos-x86_64 1.0.0 33.00 NOTE
r-release-windows-x86_64 1.0.0 5.00 58.00 63.00 NOTE
r-oldrel-macos-arm64 1.0.0 27.00 NOTE
r-oldrel-macos-x86_64 1.0.0 30.00 NOTE
r-oldrel-windows-x86_64 1.0.0 4.00 60.00 64.00 NOTE

Check Details

Version: 1.0.0
Check: LazyData
Result: NOTE
     'LazyData' is specified without a 'data' directory
Flavors: r-devel-linux-x86_64-debian-clang, r-devel-linux-x86_64-debian-gcc, r-devel-linux-x86_64-fedora-clang, r-devel-linux-x86_64-fedora-gcc, r-devel-windows-x86_64, r-patched-linux-x86_64, r-release-linux-x86_64, r-release-macos-arm64, r-release-macos-x86_64, r-release-windows-x86_64, r-oldrel-macos-arm64, r-oldrel-macos-x86_64, r-oldrel-windows-x86_64