CRAN Package Check Results for Package stripless

Last updated on 2023-06-02 18:52:58 CEST.

Flavor Version Tinstall Tcheck Ttotal Status Flags
r-devel-linux-x86_64-debian-clang 1.0-3 3.39 79.50 82.89 NOTE
r-devel-linux-x86_64-debian-gcc 1.0-3 2.55 59.91 62.46 NOTE
r-devel-linux-x86_64-fedora-clang 1.0-3 104.29 NOTE
r-devel-linux-x86_64-fedora-gcc 1.0-3 107.81 NOTE
r-devel-windows-x86_64 1.0-3 3.00 78.00 81.00 NOTE
r-patched-linux-x86_64 1.0-3 NOTE
r-release-linux-x86_64 1.0-3 2.68 74.49 77.17 NOTE
r-release-macos-arm64 1.0-3 40.00 NOTE
r-release-macos-x86_64 1.0-3 65.00 NOTE
r-release-windows-x86_64 1.0-3 3.00 90.00 93.00 NOTE
r-oldrel-macos-arm64 1.0-3 33.00 NOTE
r-oldrel-macos-x86_64 1.0-3 45.00 NOTE
r-oldrel-windows-x86_64 1.0-3 4.00 92.00 96.00 NOTE

Check Details

Version: 1.0-3
Check: LazyData
Result: NOTE
     'LazyData' is specified without a 'data' directory
Flavors: r-devel-linux-x86_64-debian-clang, r-devel-linux-x86_64-debian-gcc, r-devel-linux-x86_64-fedora-clang, r-devel-linux-x86_64-fedora-gcc, r-devel-windows-x86_64, r-patched-linux-x86_64, r-release-linux-x86_64, r-release-macos-arm64, r-release-macos-x86_64, r-release-windows-x86_64, r-oldrel-macos-arm64, r-oldrel-macos-x86_64, r-oldrel-windows-x86_64