Last updated on 2024-04-20 00:56:25 CEST.
Flavor | Version | Tinstall | Tcheck | Ttotal | Status | Flags |
---|---|---|---|---|---|---|
r-devel-linux-x86_64-debian-clang | 0.10.2 | 11.21 | 96.21 | 107.42 | OK | |
r-devel-linux-x86_64-debian-gcc | 0.10.2 | OK | ||||
r-devel-linux-x86_64-fedora-clang | 0.10.2 | 133.17 | NOTE | |||
r-devel-linux-x86_64-fedora-gcc | 0.10.2 | 126.35 | NOTE | |||
r-prerel-macos-arm64 | 0.10.2 | 36.00 | OK | |||
r-prerel-windows-x86_64 | 0.10.2 | 8.00 | 82.00 | 90.00 | OK | |
r-patched-linux-x86_64 | 0.10.2 | 7.21 | 88.94 | 96.15 | OK | |
r-release-linux-x86_64 | 0.10.2 | 9.94 | 97.34 | 107.28 | OK | |
r-release-macos-arm64 | 0.10.2 | 38.00 | OK | |||
r-release-macos-x86_64 | 0.10.2 | 88.00 | OK | |||
r-release-windows-x86_64 | 0.10.2 | 8.00 | 98.00 | 106.00 | OK | |
r-oldrel-macos-arm64 | 0.10.2 | 39.00 | OK | |||
r-oldrel-windows-x86_64 | 0.10.2 | 12.00 | 102.00 | 114.00 | OK |
Version: 0.10.2
Check: data for non-ASCII characters
Result: NOTE
Note: found 83 marked UTF-8 strings
Flavors: r-devel-linux-x86_64-fedora-clang, r-devel-linux-x86_64-fedora-gcc