Last updated on 2023-05-28 23:14:12 CEST.
Flavor | Version | Tinstall | Tcheck | Ttotal | Status | Flags |
---|---|---|---|---|---|---|
r-devel-linux-x86_64-debian-clang | 1.0.0 | 23.52 | 195.58 | 219.10 | NOTE | |
r-devel-linux-x86_64-debian-gcc | 1.0.0 | 17.73 | 147.75 | 165.48 | NOTE | |
r-devel-linux-x86_64-fedora-clang | 1.0.0 | 286.19 | NOTE | |||
r-devel-linux-x86_64-fedora-gcc | 1.0.0 | 285.39 | NOTE | |||
r-devel-windows-x86_64 | 1.0.0 | 19.00 | 157.00 | 176.00 | NOTE | |
r-patched-linux-x86_64 | 1.0.0 | 18.37 | 180.87 | 199.24 | NOTE | |
r-release-linux-x86_64 | 1.0.0 | 17.03 | 180.30 | 197.33 | NOTE | |
r-release-macos-arm64 | 1.0.0 | 85.00 | NOTE | |||
r-release-macos-x86_64 | 1.0.0 | 140.00 | NOTE | |||
r-release-windows-x86_64 | 1.0.0 | 26.00 | 188.00 | 214.00 | NOTE | |
r-oldrel-macos-arm64 | 1.0.0 | 86.00 | NOTE | |||
r-oldrel-macos-x86_64 | 1.0.0 | 148.00 | NOTE | |||
r-oldrel-windows-x86_64 | 1.0.0 | 25.00 | 188.00 | 213.00 | NOTE |
Version: 1.0.0
Check: LazyData
Result: NOTE
'LazyData' is specified without a 'data' directory
Flavors: r-devel-linux-x86_64-debian-clang, r-devel-linux-x86_64-debian-gcc, r-devel-linux-x86_64-fedora-clang, r-devel-linux-x86_64-fedora-gcc, r-devel-windows-x86_64, r-patched-linux-x86_64, r-release-linux-x86_64, r-release-macos-arm64, r-release-macos-x86_64, r-release-windows-x86_64, r-oldrel-macos-arm64, r-oldrel-macos-x86_64, r-oldrel-windows-x86_64
Version: 1.0.0
Check: dependencies in R code
Result: NOTE
Namespaces in Imports field not imported from:
‘pls’ ‘tibble’
All declared Imports should be used.
Flavors: r-devel-linux-x86_64-fedora-clang, r-devel-linux-x86_64-fedora-gcc, r-oldrel-macos-arm64, r-oldrel-macos-x86_64