Last updated on 2022-06-25 00:50:59 CEST.
Flavor | Version | Tinstall | Tcheck | Ttotal | Status | Flags |
---|---|---|---|---|---|---|
r-devel-linux-x86_64-debian-clang | 0.2.0 | 7.08 | 75.45 | 82.53 | OK | |
r-devel-linux-x86_64-debian-gcc | 0.2.0 | 6.63 | 58.26 | 64.89 | OK | |
r-devel-linux-x86_64-fedora-clang | 0.2.0 | 110.43 | NOTE | |||
r-devel-linux-x86_64-fedora-gcc | 0.2.0 | 111.63 | NOTE | |||
r-devel-windows-x86_64 | 0.2.0 | 21.00 | 101.00 | 122.00 | OK | |
r-patched-linux-x86_64 | 0.2.0 | 7.13 | 71.90 | 79.03 | OK | |
r-release-linux-x86_64 | 0.2.0 | 6.90 | 74.08 | 80.98 | OK | |
r-release-macos-arm64 | 0.2.0 | 36.00 | NOTE | |||
r-release-macos-x86_64 | 0.2.0 | 46.00 | NOTE | |||
r-release-windows-x86_64 | 0.2.0 | 22.00 | 100.00 | 122.00 | OK | |
r-oldrel-macos-arm64 | 0.2.0 | 36.00 | NOTE | |||
r-oldrel-macos-x86_64 | 0.2.0 | 62.00 | NOTE | |||
r-oldrel-windows-ix86+x86_64 | 0.2.0 | 17.00 | 104.00 | 121.00 | OK |
Version: 0.2.0
Check: data for non-ASCII characters
Result: NOTE
Note: found 2 marked UTF-8 strings
Flavors: r-devel-linux-x86_64-fedora-clang, r-devel-linux-x86_64-fedora-gcc, r-release-macos-arm64, r-release-macos-x86_64, r-oldrel-macos-arm64, r-oldrel-macos-x86_64