Last updated on 2024-03-28 23:55:21 CET.
Flavor | Version | Tinstall | Tcheck | Ttotal | Status | Flags |
---|---|---|---|---|---|---|
r-devel-linux-x86_64-debian-clang | 3.0.7 | 9.49 | 88.25 | 97.74 | OK | |
r-devel-linux-x86_64-debian-gcc | 3.0.7 | 8.02 | 66.58 | 74.60 | OK | |
r-devel-linux-x86_64-fedora-clang | 3.0.7 | 127.46 | NOTE | |||
r-devel-linux-x86_64-fedora-gcc | 3.0.7 | 145.71 | NOTE | |||
r-devel-windows-x86_64 | 3.0.7 | 9.00 | 80.00 | 89.00 | OK | |
r-patched-linux-x86_64 | 3.0.7 | 7.03 | 84.39 | 91.42 | OK | |
r-release-linux-x86_64 | 3.0.7 | 6.26 | 86.10 | 92.36 | OK | |
r-release-macos-arm64 | 3.0.7 | 46.00 | OK | |||
r-release-macos-x86_64 | 3.0.7 | 74.00 | OK | |||
r-release-windows-x86_64 | 3.0.7 | 12.00 | 97.00 | 109.00 | OK | |
r-oldrel-macos-arm64 | 3.0.7 | 40.00 | NOTE | |||
r-oldrel-windows-x86_64 | 3.0.7 | 13.00 | 98.00 | 111.00 | OK |
Version: 3.0.7
Check: dependencies in R code
Result: NOTE
Namespaces in Imports field not imported from:
‘DT’ ‘bsplus’ ‘colourpicker’ ‘grDevices’ ‘graphics’ ‘jsonlite’
‘purrr’ ‘shinyjs’
All declared Imports should be used.
Flavors: r-devel-linux-x86_64-fedora-clang, r-devel-linux-x86_64-fedora-gcc, r-oldrel-macos-arm64