CRAN Package Check Results for Package success

Last updated on 2024-06-17 19:51:46 CEST.

Flavor Version Tinstall Tcheck Ttotal Status Flags
r-devel-linux-x86_64-debian-clang 1.0.1 18.68 296.36 315.04 NOTE
r-devel-linux-x86_64-debian-gcc 1.0.1 13.31 215.16 228.47 NOTE
r-devel-linux-x86_64-fedora-clang 1.0.1 388.72 NOTE
r-devel-linux-x86_64-fedora-gcc 1.0.1 385.16 NOTE
r-devel-windows-x86_64 1.0.1 15.00 251.00 266.00 NOTE
r-patched-linux-x86_64 1.0.1 18.07 290.27 308.34 NOTE
r-release-linux-x86_64 1.0.1 11.28 295.91 307.19 NOTE
r-release-macos-arm64 1.0.1 107.00 NOTE
r-release-macos-x86_64 1.0.1 187.00 NOTE
r-release-windows-x86_64 1.0.1 14.00 258.00 272.00 NOTE
r-oldrel-macos-arm64 1.0.1 114.00 OK
r-oldrel-macos-x86_64 1.0.1 245.00 OK
r-oldrel-windows-x86_64 1.0.1 20.00 290.00 310.00 OK

Check Details

Version: 1.0.1
Check: package dependencies
Result: NOTE Package suggested but not available for checking: ‘vlad’ Flavors: r-devel-linux-x86_64-debian-clang, r-devel-linux-x86_64-debian-gcc, r-devel-linux-x86_64-fedora-clang, r-devel-linux-x86_64-fedora-gcc, r-patched-linux-x86_64, r-release-linux-x86_64

Version: 1.0.1
Check: Rd files
Result: NOTE checkRd: (-1) bernoulli_ARL.Rd:54: Lost braces; missing escapes or markup? 54 | depending on the state in which the process starts (E_0, E_1, ..., E_{n_grid-1}) | ^ checkRd: (-1) bernoulli_ARL.Rd:57: Lost braces; missing escapes or markup? 57 | discretized state spaces E_{i};} | ^ checkRd: (-1) bernoulli_RL_cdf.Rd:57: Lost braces; missing escapes or markup? 57 | depending on the state in which the process starts (E_0, E_1, ..., E_{n_grid-1}) | ^ checkRd: (-1) bernoulli_RL_cdf.Rd:60: Lost braces; missing escapes or markup? 60 | discretized state spaces E_{i};} | ^ checkRd: (-1) bk_cusum.Rd:92-94: Lost braces in \itemize; meant \describe ? checkRd: (-1) bk_cusum.Rd:95-97: Lost braces in \itemize; meant \describe ? checkRd: (-1) cgr_cusum.Rd:109-111: Lost braces in \itemize; meant \describe ? checkRd: (-1) cgr_cusum.Rd:112-114: Lost braces in \itemize; meant \describe ? checkRd: (-1) parameter_assist.Rd:58: Lost braces in \itemize; \value handles \item{}{} directly checkRd: (-1) parameter_assist.Rd:59: Lost braces in \itemize; \value handles \item{}{} directly checkRd: (-1) parameter_assist.Rd:60: Lost braces in \itemize; \value handles \item{}{} directly checkRd: (-1) parameter_assist.Rd:61-63: Lost braces in \itemize; \value handles \item{}{} directly checkRd: (-1) parameter_assist.Rd:64-66: Lost braces in \itemize; \value handles \item{}{} directly checkRd: (-1) parameter_assist.Rd:67: Lost braces in \itemize; \value handles \item{}{} directly checkRd: (-1) parameter_assist.Rd:68: Lost braces in \itemize; \value handles \item{}{} directly checkRd: (-1) parameter_assist.Rd:69: Lost braces in \itemize; \value handles \item{}{} directly checkRd: (-1) parameter_assist.Rd:70: Lost braces in \itemize; \value handles \item{}{} directly checkRd: (-1) parameter_assist.Rd:71: Lost braces in \itemize; \value handles \item{}{} directly Flavors: r-devel-linux-x86_64-debian-clang, r-devel-linux-x86_64-debian-gcc, r-devel-linux-x86_64-fedora-clang, r-devel-linux-x86_64-fedora-gcc, r-devel-windows-x86_64, r-patched-linux-x86_64, r-release-linux-x86_64, r-release-macos-arm64, r-release-macos-x86_64, r-release-windows-x86_64