Last updated on 2024-03-28 23:55:21 CET.
Flavor | Version | Tinstall | Tcheck | Ttotal | Status | Flags |
---|---|---|---|---|---|---|
r-devel-linux-x86_64-debian-clang | 1.1.1 | 10.81 | 104.99 | 115.80 | NOTE | |
r-devel-linux-x86_64-debian-gcc | 1.1.1 | 10.43 | 80.08 | 90.51 | NOTE | |
r-devel-linux-x86_64-fedora-clang | 1.1.1 | 150.55 | NOTE | |||
r-devel-linux-x86_64-fedora-gcc | 1.1.1 | 146.04 | NOTE | |||
r-devel-windows-x86_64 | 1.1.1 | 12.00 | 88.00 | 100.00 | NOTE | |
r-patched-linux-x86_64 | 1.1.1 | 16.46 | 102.16 | 118.62 | NOTE | |
r-release-linux-x86_64 | 1.1.1 | 10.76 | 105.16 | 115.92 | NOTE | |
r-release-macos-arm64 | 1.1.1 | 25.00 | NOTE | |||
r-release-macos-x86_64 | 1.1.1 | 37.00 | NOTE | |||
r-release-windows-x86_64 | 1.1.1 | 15.00 | 113.00 | 128.00 | NOTE | |
r-oldrel-macos-arm64 | 1.1.1 | 27.00 | OK | |||
r-oldrel-windows-x86_64 | 1.1.1 | 17.00 | 113.00 | 130.00 | NOTE |
Version: 1.1.1
Check: package dependencies
Result: NOTE
Package suggested but not available for checking: ‘extraTrees’
Flavors: r-devel-linux-x86_64-debian-clang, r-devel-linux-x86_64-debian-gcc, r-devel-linux-x86_64-fedora-clang, r-devel-linux-x86_64-fedora-gcc, r-devel-windows-x86_64, r-patched-linux-x86_64, r-release-linux-x86_64, r-release-macos-arm64, r-release-windows-x86_64, r-oldrel-windows-x86_64
Version: 1.1.1
Check: package dependencies
Result: NOTE
Packages suggested but not available for checking:
'arm', 'bartMachine', 'extraTrees', 'party', 'xgboost'
Flavor: r-release-macos-x86_64