CRAN Package Check Results for Package superheat

Last updated on 2021-10-22 00:50:42 CEST.

Flavor Version Tinstall Tcheck Ttotal Status Flags
r-devel-linux-x86_64-debian-clang 0.1.0 4.85 135.38 140.23 NOTE
r-devel-linux-x86_64-debian-gcc 0.1.0 3.85 96.20 100.05 NOTE
r-devel-linux-x86_64-fedora-clang 0.1.0 167.27 NOTE
r-devel-linux-x86_64-fedora-gcc 0.1.0 156.27 NOTE
r-devel-windows-x86_64 0.1.0 8.00 130.00 138.00 NOTE
r-devel-windows-x86_64-gcc10-UCRT 0.1.0 NOTE
r-patched-linux-x86_64 0.1.0 5.09 128.92 134.01 NOTE
r-patched-solaris-x86 0.1.0 199.40 NOTE
r-release-linux-x86_64 0.1.0 4.01 125.37 129.38 NOTE
r-release-macos-arm64 0.1.0 NOTE
r-release-macos-x86_64 0.1.0 NOTE
r-release-windows-ix86+x86_64 0.1.0 11.00 156.00 167.00 NOTE
r-oldrel-macos-x86_64 0.1.0 OK
r-oldrel-windows-ix86+x86_64 0.1.0 14.00 160.00 174.00 OK

Check Details

Version: 0.1.0
Check: LazyData
Result: NOTE
     'LazyData' is specified without a 'data' directory
Flavors: r-devel-linux-x86_64-debian-clang, r-devel-linux-x86_64-debian-gcc, r-devel-linux-x86_64-fedora-clang, r-devel-linux-x86_64-fedora-gcc, r-devel-windows-x86_64, r-devel-windows-x86_64-gcc10-UCRT, r-patched-linux-x86_64, r-patched-solaris-x86, r-release-linux-x86_64, r-release-macos-arm64, r-release-macos-x86_64, r-release-windows-ix86+x86_64