Last updated on 2023-12-02 16:49:30 CET.
Flavor | Version | Tinstall | Tcheck | Ttotal | Status | Flags |
---|---|---|---|---|---|---|
r-devel-linux-x86_64-debian-clang | 0.4-6 | 3.14 | 36.70 | 39.84 | NOTE | |
r-devel-linux-x86_64-debian-gcc | 0.4-6 | 2.87 | 25.64 | 28.51 | OK | |
r-devel-linux-x86_64-fedora-clang | 0.4-6 | 51.25 | NOTE | |||
r-devel-linux-x86_64-fedora-gcc | 0.4-6 | 44.39 | OK | |||
r-devel-windows-x86_64 | 0.4-6 | 3.00 | 52.00 | 55.00 | OK | |
r-patched-linux-x86_64 | 0.4-6 | 4.05 | 33.21 | 37.26 | OK | |
r-release-linux-x86_64 | 0.4-6 | 2.90 | 32.63 | 35.53 | OK | |
r-release-macos-arm64 | 0.4-6 | 18.00 | OK | |||
r-release-macos-x86_64 | 0.4-6 | 25.00 | OK | |||
r-release-windows-x86_64 | 0.4-6 | 3.00 | 53.00 | 56.00 | OK | |
r-oldrel-macos-arm64 | 0.4-6 | OK | ||||
r-oldrel-macos-x86_64 | 0.4-6 | 25.00 | OK | |||
r-oldrel-windows-x86_64 | 0.4-6 | 5.00 | 56.00 | 61.00 | OK |
Version: 0.4-6
Check: package dependencies
Result: NOTE
Package suggested but not available for checking: ‘apollo’
Flavors: r-devel-linux-x86_64-debian-clang, r-devel-linux-x86_64-fedora-clang