Last updated on 2024-03-28 23:55:21 CET.
Flavor | Version | Tinstall | Tcheck | Ttotal | Status | Flags |
---|---|---|---|---|---|---|
r-devel-linux-x86_64-debian-clang | 2.0.1 | 15.28 | 215.65 | 230.93 | NOTE | |
r-devel-linux-x86_64-debian-gcc | 2.0.1 | 16.27 | 156.23 | 172.50 | NOTE | |
r-devel-linux-x86_64-fedora-clang | 2.0.1 | 298.22 | NOTE | |||
r-devel-linux-x86_64-fedora-gcc | 2.0.1 | 279.40 | NOTE | |||
r-devel-windows-x86_64 | 2.0.1 | 17.00 | 156.00 | 173.00 | NOTE | |
r-patched-linux-x86_64 | 2.0.1 | 13.41 | 210.44 | 223.85 | NOTE | |
r-release-linux-x86_64 | 2.0.1 | 12.79 | 203.97 | 216.76 | NOTE | |
r-release-macos-arm64 | 2.0.1 | 99.00 | NOTE | |||
r-release-macos-x86_64 | 2.0.1 | 152.00 | NOTE | |||
r-release-windows-x86_64 | 2.0.1 | 22.00 | 206.00 | 228.00 | NOTE | |
r-oldrel-macos-arm64 | 2.0.1 | 69.00 | NOTE | |||
r-oldrel-windows-x86_64 | 2.0.1 | 24.00 | 207.00 | 231.00 | NOTE |
Version: 2.0.1
Check: package dependencies
Result: NOTE
Packages suggested but not available for checking:
'survHEinla', 'survHEhmc', 'INLA'
Flavors: r-devel-linux-x86_64-debian-clang, r-devel-linux-x86_64-debian-gcc, r-patched-linux-x86_64, r-release-linux-x86_64, r-release-macos-arm64, r-release-windows-x86_64, r-oldrel-macos-arm64, r-oldrel-windows-x86_64
Version: 2.0.1
Check: package dependencies
Result: NOTE
Packages suggested but not available for checking:
'survHEinla', 'survHEhmc'
Flavors: r-devel-linux-x86_64-fedora-clang, r-devel-linux-x86_64-fedora-gcc, r-devel-windows-x86_64
Version: 2.0.1
Check: package dependencies
Result: NOTE
Packages suggested but not available for checking:
'survHEinla', 'survHEhmc', 'INLA', 'rstan'
Flavor: r-release-macos-x86_64