Last updated on 2024-04-26 00:56:36 CEST.
Flavor | Version | Tinstall | Tcheck | Ttotal | Status | Flags |
---|---|---|---|---|---|---|
r-devel-linux-x86_64-debian-clang | 3.5-8 | 70.46 | 677.13 | 747.59 | OK | |
r-devel-linux-x86_64-debian-gcc | 3.6-4 | 60.21 | 512.90 | 573.11 | OK | |
r-devel-linux-x86_64-fedora-clang | 3.6-4 | 730.63 | NOTE | |||
r-devel-linux-x86_64-fedora-gcc | 3.6-4 | 542.74 | OK | |||
r-devel-windows-x86_64 | 3.5-8 | 82.00 | 697.00 | 779.00 | NOTE | |
r-patched-linux-x86_64 | 3.5-8 | 72.55 | 653.10 | 725.65 | OK | |
r-release-linux-x86_64 | 3.5-8 | 68.14 | 675.43 | 743.57 | OK | |
r-release-macos-arm64 | 3.6-4 | 314.00 | NOTE | |||
r-release-macos-x86_64 | 3.6-4 | 858.00 | NOTE | |||
r-release-windows-x86_64 | 3.5-8 | 82.00 | 705.00 | 787.00 | NOTE | |
r-oldrel-macos-arm64 | 3.6-4 | 352.00 | NOTE | |||
r-oldrel-macos-x86_64 | 3.6-4 | 777.00 | NOTE | |||
r-oldrel-windows-x86_64 | 3.5-8 | 99.00 | 686.00 | 785.00 | NOTE |
Version: 3.6-4
Check: installed package size
Result: NOTE
installed size is 8.3Mb
sub-directories of 1Mb or more:
R 1.2Mb
data 1.9Mb
doc 4.1Mb
Flavors: r-devel-linux-x86_64-fedora-clang, r-release-macos-arm64, r-release-macos-x86_64, r-oldrel-macos-arm64, r-oldrel-macos-x86_64
Version: 3.5-8
Check: installed package size
Result: NOTE
installed size is 8.1Mb
sub-directories of 1Mb or more:
R 1.2Mb
data 1.9Mb
doc 3.9Mb
Flavors: r-devel-windows-x86_64, r-release-windows-x86_64, r-oldrel-windows-x86_64