CRAN Package Check Results for Package svHttp

Last updated on 2023-02-04 01:54:36 CET.

Flavor Version Tinstall Tcheck Ttotal Status Flags
r-devel-linux-x86_64-debian-clang 1.0.4 2.66 31.85 34.51 OK
r-devel-linux-x86_64-debian-gcc 1.0.4 1.86 23.93 25.79 OK
r-devel-linux-x86_64-fedora-clang 1.0.4 42.70 OK
r-devel-linux-x86_64-fedora-gcc 1.0.4 52.88 OK
r-devel-windows-x86_64 1.0.4 17.00 61.00 78.00 ERROR
r-patched-linux-x86_64 1.0.4 3.09 31.31 34.40 OK
r-release-linux-x86_64 1.0.4 2.16 31.30 33.46 OK
r-release-macos-arm64 1.0.4 19.00 OK
r-release-macos-x86_64 1.0.4 31.00 OK
r-release-windows-x86_64 1.0.4 13.00 65.00 78.00 OK
r-oldrel-macos-arm64 1.0.4 20.00 OK
r-oldrel-macos-x86_64 1.0.4 29.00 OK
r-oldrel-windows-ix86+x86_64 1.0.4 6.00 60.00 66.00 OK

Check Details

Version: 1.0.4
Check: re-building of vignette outputs
Result: ERROR
    Error(s) in re-building vignettes:
    --- re-building 'svHttp.Rmd' using rmarkdown
    --- finished re-building 'svHttp.Rmd'
Flavor: r-devel-windows-x86_64