Last updated on 2024-04-23 16:58:31 CEST.
Flavor | Version | Tinstall | Tcheck | Ttotal | Status | Flags |
---|---|---|---|---|---|---|
r-devel-linux-x86_64-debian-clang | 1.3.11 | 166.20 | 226.04 | 392.24 | OK | |
r-devel-linux-x86_64-debian-gcc | 1.3.11 | 127.04 | 162.90 | 289.94 | OK | |
r-devel-linux-x86_64-fedora-clang | 1.3.11 | 532.55 | OK | |||
r-devel-linux-x86_64-fedora-gcc | 1.3.11 | 535.20 | OK | |||
r-prerel-macos-arm64 | 1.3.11 | 118.00 | NOTE | |||
r-prerel-windows-x86_64 | 1.3.11 | 128.00 | 208.00 | 336.00 | OK | |
r-patched-linux-x86_64 | 1.3.11 | 172.74 | 221.54 | 394.28 | OK | |
r-release-linux-x86_64 | 1.3.11 | 153.51 | 221.87 | 375.38 | OK | |
r-release-macos-arm64 | 1.3.11 | 149.00 | NOTE | |||
r-release-macos-x86_64 | 1.3.11 | 239.00 | NOTE | |||
r-release-windows-x86_64 | 1.3.11 | 158.00 | 251.00 | 409.00 | OK | |
r-oldrel-macos-arm64 | 1.3.11 | 106.00 | NOTE | |||
r-oldrel-windows-x86_64 | 1.3.11 | 156.00 | 234.00 | 390.00 | OK |
Version: 1.3.11
Check: installed package size
Result: NOTE
installed size is 8.6Mb
sub-directories of 1Mb or more:
help 1.0Mb
libs 6.9Mb
Flavors: r-prerel-macos-arm64, r-release-macos-arm64, r-release-macos-x86_64, r-oldrel-macos-arm64