Last updated on 2023-12-09 08:49:59 CET.
Flavor | Version | Tinstall | Tcheck | Ttotal | Status | Flags |
---|---|---|---|---|---|---|
r-devel-linux-x86_64-debian-clang | 0.1.0 | 8.88 | 87.84 | 96.72 | NOTE | |
r-devel-linux-x86_64-debian-gcc | 0.1.0 | 7.52 | 65.37 | 72.89 | NOTE | |
r-devel-linux-x86_64-fedora-clang | 0.1.0 | 115.11 | OK | |||
r-devel-linux-x86_64-fedora-gcc | 0.1.0 | 112.22 | OK | |||
r-devel-windows-x86_64 | 0.1.0 | 8.00 | 82.00 | 90.00 | OK | |
r-patched-linux-x86_64 | 0.1.0 | 9.01 | 84.31 | 93.32 | OK | |
r-release-linux-x86_64 | 0.1.0 | 7.29 | 83.10 | 90.39 | OK | |
r-release-macos-arm64 | 0.1.0 | 38.00 | OK | |||
r-release-macos-x86_64 | 0.1.0 | 64.00 | OK | |||
r-release-windows-x86_64 | 0.1.0 | 10.00 | 93.00 | 103.00 | OK | |
r-oldrel-macos-arm64 | 0.1.0 | 36.00 | OK | |||
r-oldrel-macos-x86_64 | 0.1.0 | 57.00 | OK | |||
r-oldrel-windows-x86_64 | 0.1.0 | 11.00 | 94.00 | 105.00 | OK |
Version: 0.1.0
Check: Rd files
Result: NOTE
checkRd: (-1) eff_n.Rd:32: Lost braces; missing escapes or markup?
32 | \code{\link[survey:surveysummary]{survey::svymean()}} and related functions from the {survey}
| ^
Flavors: r-devel-linux-x86_64-debian-clang, r-devel-linux-x86_64-debian-gcc