Last updated on 2024-07-18 08:51:21 CEST.
Flavor | Version | Tinstall | Tcheck | Ttotal | Status | Flags |
---|---|---|---|---|---|---|
r-devel-linux-x86_64-debian-clang | 0.1.0 | 3.05 | 144.76 | 147.81 | OK | |
r-devel-linux-x86_64-debian-gcc | 0.1.0 | 2.64 | 101.50 | 104.14 | OK | |
r-devel-linux-x86_64-fedora-clang | 0.1.0 | 183.91 | OK | |||
r-devel-linux-x86_64-fedora-gcc | 0.1.0 | 184.24 | OK | |||
r-devel-windows-x86_64 | 0.1.0 | 5.00 | 125.00 | 130.00 | NOTE | |
r-patched-linux-x86_64 | 0.1.0 | 10.24 | 136.98 | 147.22 | OK | |
r-release-linux-x86_64 | 0.1.0 | 2.28 | 135.10 | 137.38 | OK | |
r-release-macos-arm64 | 0.1.0 | 53.00 | OK | |||
r-release-macos-x86_64 | 0.1.0 | 90.00 | OK | |||
r-release-windows-x86_64 | 0.1.0 | 5.00 | 125.00 | 130.00 | OK | |
r-oldrel-macos-arm64 | 0.1.0 | 55.00 | OK | |||
r-oldrel-macos-x86_64 | 0.1.0 | 149.00 | OK | |||
r-oldrel-windows-x86_64 | 0.1.0 | 6.00 | 140.00 | 146.00 | OK |
Version: 0.1.0
Check: Rd cross-references
Result: NOTE
Found the following Rd file(s) with Rd \link{} targets missing package
anchors:
nnba.Rd: pdist
Please provide package anchors for all Rd \link{} targets not in the
package itself and the base packages.
Flavor: r-devel-windows-x86_64