Last updated on 2024-03-27 23:59:59 CET.
Flavor | Version | Tinstall | Tcheck | Ttotal | Status | Flags |
---|---|---|---|---|---|---|
r-devel-linux-x86_64-debian-clang | 2.4.5 | 9.46 | 63.76 | 73.22 | NOTE | |
r-devel-linux-x86_64-debian-gcc | 2.4.5 | 5.83 | 47.47 | 53.30 | NOTE | |
r-devel-linux-x86_64-fedora-clang | 2.4.5 | 86.77 | NOTE | |||
r-devel-linux-x86_64-fedora-gcc | 2.4.5 | 85.13 | NOTE | |||
r-devel-windows-x86_64 | 2.4.5 | 8.00 | 83.00 | 91.00 | NOTE | |
r-patched-linux-x86_64 | 2.4.5 | 6.11 | 58.35 | 64.46 | NOTE | |
r-release-linux-x86_64 | 2.4.5 | 5.26 | 61.04 | 66.30 | NOTE | |
r-release-macos-arm64 | 2.4.5 | 31.00 | NOTE | |||
r-release-macos-x86_64 | 2.4.5 | 50.00 | NOTE | |||
r-release-windows-x86_64 | 2.4.5 | 11.00 | 86.00 | 97.00 | NOTE | |
r-oldrel-macos-arm64 | 2.4.5 | 27.00 | NOTE | |||
r-oldrel-windows-x86_64 | 2.4.5 | 10.00 | 85.00 | 95.00 | NOTE |
Version: 2.4.5
Check: LazyData
Result: NOTE
'LazyData' is specified without a 'data' directory
Flavors: r-devel-linux-x86_64-debian-clang, r-devel-linux-x86_64-debian-gcc, r-devel-linux-x86_64-fedora-clang, r-devel-linux-x86_64-fedora-gcc, r-devel-windows-x86_64, r-patched-linux-x86_64, r-release-linux-x86_64, r-release-macos-arm64, r-release-macos-x86_64, r-release-windows-x86_64, r-oldrel-macos-arm64, r-oldrel-windows-x86_64